CRAN Package Check Results for Package emayili

Last updated on 2020-12-05 23:47:43 CET.

Flavor Version Tinstall Tcheck Ttotal Status Flags
r-devel-linux-x86_64-debian-clang 0.4.4 3.45 29.74 33.19 OK
r-devel-linux-x86_64-debian-gcc 0.4.4 2.60 25.99 28.59 OK
r-devel-linux-x86_64-fedora-clang 0.4.4 45.37 OK
r-devel-linux-x86_64-fedora-gcc 0.4.4 36.07 OK
r-devel-windows-ix86+x86_64 0.4.4 6.00 47.00 53.00 ERROR
r-patched-linux-x86_64 0.4.4 3.14 29.56 32.70 OK
r-patched-solaris-x86 0.4.4 58.60 OK
r-release-linux-x86_64 0.4.4 3.41 28.04 31.45 OK
r-release-macos-x86_64 0.4.4 OK
r-release-windows-ix86+x86_64 0.4.4 6.00 46.00 52.00 ERROR
r-oldrel-macos-x86_64 0.4.4 OK
r-oldrel-windows-ix86+x86_64 0.4.4 6.00 39.00 45.00 ERROR

Check Details

Version: 0.4.4
Check: examples
Result: ERROR
    Running examples in 'emayili-Ex.R' failed
    The error most likely occurred in:
    
    > ### Name: attachment
    > ### Title: Add attachments to a message object
    > ### Aliases: attachment
    >
    > ### ** Examples
    >
    > library(magrittr)
    >
    > path_mtcars <- tempfile(fileext = ".csv")
    > path_cats <- tempfile(fileext = ".jpg")
    > path_scatter <- tempfile(fileext = ".png")
    >
    > write.csv(mtcars, path_mtcars)
    >
    > download.file("https://bit.ly/2P4LUO8", path_cats, quiet = TRUE)
    Warning in download.file("https://bit.ly/2P4LUO8", path_cats, quiet = TRUE) :
     InternetOpenUrl failed: 'Die Serververbindung konnte nicht hergestellt werden.'
    Error in download.file("https://bit.ly/2P4LUO8", path_cats, quiet = TRUE) :
     cannot open URL 'https://bit.ly/2P4LUO8'
    Execution halted
Flavors: r-devel-windows-ix86+x86_64, r-release-windows-ix86+x86_64, r-oldrel-windows-ix86+x86_64

Version: 0.4.4
Check: tests
Result: ERROR
     Running 'testthat.R' [2s]
    Running the tests in 'tests/testthat.R' failed.
    Complete output:
     > library(testthat)
     > library(emayili)
    
     Attaching package: 'emayili'
    
     The following object is masked from 'package:graphics':
    
     text
    
     >
     > test_check("emayili")
     Error in download.file("https://bit.ly/2P4LUO8", JPGPATH, quiet = TRUE) :
     cannot open URL 'https://bit.ly/2P4LUO8'
     Calls: test_check ... source_dir -> lapply -> FUN -> eval -> eval -> download.file
     In addition: Warning message:
     In download.file("https://bit.ly/2P4LUO8", JPGPATH, quiet = TRUE) :
     InternetOpenUrl failed: 'Die Serververbindung konnte nicht hergestellt werden.'
     Execution halted
Flavors: r-devel-windows-ix86+x86_64, r-release-windows-ix86+x86_64

Version: 0.4.4
Check: tests
Result: ERROR
     Running 'testthat.R' [1s]
    Running the tests in 'tests/testthat.R' failed.
    Complete output:
     > library(testthat)
     > library(emayili)
    
     Attaching package: 'emayili'
    
     The following object is masked from 'package:graphics':
    
     text
    
     >
     > test_check("emayili")
     Error in download.file("https://bit.ly/2P4LUO8", JPGPATH, quiet = TRUE) :
     cannot open URL 'https://bit.ly/2P4LUO8'
     Calls: test_check ... source_dir -> lapply -> FUN -> eval -> eval -> download.file
     In addition: Warning message:
     In download.file("https://bit.ly/2P4LUO8", JPGPATH, quiet = TRUE) :
     InternetOpenUrl failed: 'Die Serververbindung konnte nicht hergestellt werden.'
     Execution halted
Flavor: r-oldrel-windows-ix86+x86_64