CRAN Package Check Results for Package eesim

Last updated on 2024-05-28 11:54:02 CEST.

Flavor Version Tinstall Tcheck Ttotal Status Flags
r-devel-linux-x86_64-debian-clang 0.1.0 5.77 295.75 301.52 NOTE
r-devel-linux-x86_64-debian-gcc 0.1.0 4.16 211.64 215.80 NOTE
r-devel-linux-x86_64-fedora-clang 0.1.0 385.13 NOTE
r-devel-linux-x86_64-fedora-gcc 0.1.0 362.78 NOTE
r-devel-windows-x86_64 0.1.0 6.00 242.00 248.00 NOTE
r-patched-linux-x86_64 0.1.0 7.50 269.67 277.17 NOTE
r-release-linux-x86_64 0.1.0 4.46 272.13 276.59 NOTE
r-release-macos-arm64 0.1.0 167.00 NOTE
r-release-windows-x86_64 0.1.0 6.00 248.00 254.00 NOTE
r-oldrel-macos-arm64 0.1.0 181.00 NOTE
r-oldrel-macos-x86_64 0.1.0 263.00 NOTE
r-oldrel-windows-x86_64 0.1.0 8.00 288.00 296.00 NOTE

Check Details

Version: 0.1.0
Check: Rd files
Result: NOTE checkRd: (-1) eesim.Rd:148-151: Lost braces in \itemize; \value handles \item{}{} directly checkRd: (-1) eesim.Rd:152-155: Lost braces in \itemize; \value handles \item{}{} directly checkRd: (-1) eesim.Rd:156-158: Lost braces in \itemize; \value handles \item{}{} directly Flavors: r-devel-linux-x86_64-debian-clang, r-devel-linux-x86_64-debian-gcc, r-devel-linux-x86_64-fedora-clang, r-devel-linux-x86_64-fedora-gcc, r-devel-windows-x86_64, r-patched-linux-x86_64, r-release-linux-x86_64, r-release-macos-arm64, r-release-windows-x86_64

Version: 0.1.0
Check: LazyData
Result: NOTE 'LazyData' is specified without a 'data' directory Flavors: r-devel-linux-x86_64-debian-clang, r-devel-linux-x86_64-debian-gcc, r-devel-linux-x86_64-fedora-clang, r-devel-linux-x86_64-fedora-gcc, r-devel-windows-x86_64, r-patched-linux-x86_64, r-release-linux-x86_64, r-release-macos-arm64, r-release-windows-x86_64, r-oldrel-macos-arm64, r-oldrel-macos-x86_64, r-oldrel-windows-x86_64