CRAN Package Check Results for Package ecespa

Last updated on 2021-04-23 00:48:46 CEST.

Flavor Version Tinstall Tcheck Ttotal Status Flags
r-devel-linux-x86_64-debian-clang 1.1-13 12.15 125.27 137.42 OK
r-devel-linux-x86_64-debian-gcc 1.1-13 9.77 92.84 102.61 OK
r-devel-linux-x86_64-fedora-clang 1.1-13 172.86 OK
r-devel-linux-x86_64-fedora-gcc 1.1-13 167.63 OK
r-devel-windows-ix86+x86_64 1.1-13 28.00 227.00 255.00 OK
r-devel-windows-x86_64-gcc10-UCRT 1.1-13 OK
r-patched-linux-x86_64 1.1-13 11.21 117.50 128.71 OK
r-patched-solaris-x86 1.1-13 240.80 OK
r-release-linux-x86_64 1.1-13 10.15 116.14 126.29 OK
r-release-macos-x86_64 1.1-13 NOTE
r-release-windows-ix86+x86_64 1.1-13 28.00 228.00 256.00 OK
r-oldrel-macos-x86_64 1.1-13 OK
r-oldrel-windows-ix86+x86_64 1.1-13 55.00 213.00 268.00 OK

Check Details

Version: 1.1-13
Check: Rd cross-references
Result: NOTE
    Package unavailable to check Rd xrefs: ‘dixon’
Flavor: r-release-macos-x86_64