CRAN Package Check Results for Package earthtones

Last updated on 2024-05-18 17:55:59 CEST.

Flavor Version Tinstall Tcheck Ttotal Status Flags
r-devel-linux-x86_64-debian-clang 0.1.1 2.33 24.25 26.58 NOTE
r-devel-linux-x86_64-debian-gcc 0.1.1 1.78 19.07 20.85 NOTE
r-devel-linux-x86_64-fedora-clang 0.1.1 35.88 NOTE
r-devel-linux-x86_64-fedora-gcc 0.1.1 38.94 NOTE
r-devel-windows-x86_64 0.1.1 3.00 40.00 43.00 NOTE
r-patched-linux-x86_64 0.1.1 5.29 23.98 29.27 NOTE
r-release-linux-x86_64 0.1.1 1.48 24.22 25.70 NOTE
r-release-macos-arm64 0.1.1 16.00 NOTE
r-release-windows-x86_64 0.1.1 5.00 41.00 46.00 NOTE
r-oldrel-macos-arm64 0.1.1 18.00 NOTE
r-oldrel-macos-x86_64 0.1.1 21.00 NOTE
r-oldrel-windows-x86_64 0.1.1 4.00 47.00 51.00 NOTE

Check Details

Version: 0.1.1
Check: LazyData
Result: NOTE 'LazyData' is specified without a 'data' directory Flavors: r-devel-linux-x86_64-debian-clang, r-devel-linux-x86_64-debian-gcc, r-devel-linux-x86_64-fedora-clang, r-devel-linux-x86_64-fedora-gcc, r-devel-windows-x86_64, r-patched-linux-x86_64, r-release-linux-x86_64, r-release-macos-arm64, r-release-windows-x86_64, r-oldrel-macos-arm64, r-oldrel-macos-x86_64, r-oldrel-windows-x86_64