CRAN Package Check Results for Package ePCR

Last updated on 2021-05-16 17:46:48 CEST.

Flavor Version Tinstall Tcheck Ttotal Status Flags
r-devel-linux-x86_64-debian-clang 0.9.9-11 14.73 115.62 130.35 OK
r-devel-linux-x86_64-debian-gcc 0.9.9-11 10.83 89.49 100.32 OK
r-devel-linux-x86_64-fedora-clang 0.9.9-11 171.67 NOTE
r-devel-linux-x86_64-fedora-gcc 0.9.9-11 155.59 OK
r-devel-windows-ix86+x86_64 0.9.9-11 30.00 111.00 141.00 OK
r-devel-windows-x86_64-gcc10-UCRT 0.9.9-11 OK
r-patched-linux-x86_64 0.9.9-11 13.46 111.39 124.85 OK
r-patched-solaris-x86 0.9.9-11 232.90 NOTE
r-release-linux-x86_64 0.9.9-11 12.92 110.87 123.79 OK
r-release-macos-x86_64 0.9.9-11 OK
r-release-windows-ix86+x86_64 0.9.9-11 21.00 184.00 205.00 OK
r-oldrel-macos-x86_64 0.9.9-11 OK
r-oldrel-windows-ix86+x86_64 0.9.9-11 26.00 169.00 195.00 OK

Check Details

Version: 0.9.9-11
Check: installed package size
Result: NOTE
     installed size is 5.0Mb
     sub-directories of 1Mb or more:
     data 4.3Mb
Flavors: r-devel-linux-x86_64-fedora-clang, r-patched-solaris-x86