CRAN Package Check Results for Package eAnalytics

Last updated on 2021-05-16 17:46:47 CEST.

Flavor Version Tinstall Tcheck Ttotal Status Flags
r-devel-linux-x86_64-debian-clang 0.1.4 8.60 75.80 84.40 NOTE
r-devel-linux-x86_64-debian-gcc 0.1.4 7.27 56.98 64.25 NOTE
r-devel-linux-x86_64-fedora-clang 0.1.4 111.49 NOTE
r-devel-linux-x86_64-fedora-gcc 0.1.4 97.13 NOTE
r-devel-windows-ix86+x86_64 0.1.4 26.00 96.00 122.00 NOTE
r-devel-windows-x86_64-gcc10-UCRT 0.1.4 NOTE
r-patched-linux-x86_64 0.1.4 7.92 70.25 78.17 NOTE
r-patched-solaris-x86 0.1.4 146.80 NOTE
r-release-linux-x86_64 0.1.4 8.43 69.70 78.13 OK
r-release-macos-x86_64 0.1.4 OK
r-release-windows-ix86+x86_64 0.1.4 17.00 101.00 118.00 OK
r-oldrel-macos-x86_64 0.1.4 OK
r-oldrel-windows-ix86+x86_64 0.1.4 13.00 121.00 134.00 OK

Check Details

Version: 0.1.4
Check: LazyData
Result: NOTE
     'LazyData' is specified without a 'data' directory
Flavors: r-devel-linux-x86_64-debian-clang, r-devel-linux-x86_64-debian-gcc, r-devel-linux-x86_64-fedora-clang, r-devel-linux-x86_64-fedora-gcc, r-devel-windows-ix86+x86_64, r-devel-windows-x86_64-gcc10-UCRT, r-patched-linux-x86_64, r-patched-solaris-x86