CRAN Package Check Results for Package dyngen

Last updated on 2021-04-18 11:46:45 CEST.

Flavor Version Tinstall Tcheck Ttotal Status Flags
r-devel-linux-x86_64-debian-clang 1.0.1 21.60 239.56 261.16 OK
r-devel-linux-x86_64-debian-gcc 1.0.1 17.48 170.68 188.16 OK
r-devel-linux-x86_64-fedora-clang 1.0.1 311.17 OK
r-devel-linux-x86_64-fedora-gcc 1.0.1 314.51 OK
r-devel-windows-ix86+x86_64 1.0.1 48.00 284.00 332.00 OK
r-devel-windows-x86_64-gcc10-UCRT 1.0.1 OK
r-patched-linux-x86_64 1.0.1 21.19 214.45 235.64 OK
r-patched-solaris-x86 1.0.1 417.80 OK
r-release-linux-x86_64 1.0.1 20.32 211.39 231.71 OK
r-release-macos-x86_64 1.0.1 OK
r-release-windows-ix86+x86_64 1.0.1 10.00 8.00 18.00 ERROR
r-oldrel-macos-x86_64 1.0.1 NOTE
r-oldrel-windows-ix86+x86_64 1.0.1 43.00 255.00 298.00 OK

Check Details

Version: 1.0.1
Check: whether package can be installed
Result: ERROR
    Installation failed.
Flavor: r-release-windows-ix86+x86_64

Version: 1.0.1
Check: package dependencies
Result: NOTE
    Package suggested but not available for checking: ‘SingleCellExperiment’
Flavor: r-oldrel-macos-x86_64