CRAN Package Check Results for Package drawsample

Last updated on 2021-05-10 17:46:55 CEST.

Flavor Version Tinstall Tcheck Ttotal Status Flags
r-devel-linux-x86_64-debian-clang 1.0.0 13.03 108.57 121.60 OK
r-devel-linux-x86_64-debian-gcc 1.0.0 9.81 82.10 91.91 OK
r-devel-linux-x86_64-fedora-clang 1.0.0 149.95 NOTE
r-devel-linux-x86_64-fedora-gcc 1.0.0 136.81 NOTE
r-devel-windows-ix86+x86_64 1.0.0 29.00 118.00 147.00 OK
r-devel-windows-x86_64-gcc10-UCRT 1.0.0 NOTE
r-patched-linux-x86_64 1.0.0 12.66 104.08 116.74 OK
r-patched-solaris-x86 1.0.0 167.40 NOTE
r-release-linux-x86_64 1.0.0 10.98 101.35 112.33 OK
r-release-macos-x86_64 1.0.0 NOTE
r-release-windows-ix86+x86_64 1.0.0 19.00 87.00 106.00 OK
r-oldrel-macos-x86_64 1.0.0 NOTE
r-oldrel-windows-ix86+x86_64 1.0.0 22.00 106.00 128.00 OK

Check Details

Version: 1.0.0
Check: dependencies in R code
Result: NOTE
    Namespaces in Imports field not imported from:
     ‘magrittr’ ‘purrr’ ‘rlang’
     All declared Imports should be used.
Flavors: r-devel-linux-x86_64-fedora-clang, r-devel-linux-x86_64-fedora-gcc, r-devel-windows-x86_64-gcc10-UCRT, r-patched-solaris-x86, r-release-macos-x86_64, r-oldrel-macos-x86_64

Version: 1.0.0
Check: Rd cross-references
Result: NOTE
    Undeclared package ‘SimMultiCorrData’ in Rd xrefs
Flavor: r-devel-linux-x86_64-fedora-clang