CRAN Package Check Results for Package dplyrAssist

Last updated on 2021-05-16 17:46:47 CEST.

Flavor Version Tinstall Tcheck Ttotal Status Flags
r-devel-linux-x86_64-debian-clang 0.1.0 6.26 47.02 53.28 NOTE
r-devel-linux-x86_64-debian-gcc 0.1.0 4.48 36.63 41.11 NOTE
r-devel-linux-x86_64-fedora-clang 0.1.0 74.81 NOTE
r-devel-linux-x86_64-fedora-gcc 0.1.0 60.69 NOTE
r-devel-windows-ix86+x86_64 0.1.0 19.00 68.00 87.00 NOTE
r-devel-windows-x86_64-gcc10-UCRT 0.1.0 NOTE
r-patched-linux-x86_64 0.1.0 5.15 45.34 50.49 NOTE
r-patched-solaris-x86 0.1.0 94.50 NOTE
r-release-linux-x86_64 0.1.0 5.25 45.19 50.44 OK
r-release-macos-x86_64 0.1.0 NOTE
r-release-windows-ix86+x86_64 0.1.0 9.00 76.00 85.00 OK
r-oldrel-macos-x86_64 0.1.0 NOTE
r-oldrel-windows-ix86+x86_64 0.1.0 9.00 71.00 80.00 OK

Check Details

Version: 0.1.0
Check: LazyData
Result: NOTE
     'LazyData' is specified without a 'data' directory
Flavors: r-devel-linux-x86_64-debian-clang, r-devel-linux-x86_64-debian-gcc, r-devel-linux-x86_64-fedora-clang, r-devel-linux-x86_64-fedora-gcc, r-devel-windows-ix86+x86_64, r-devel-windows-x86_64-gcc10-UCRT, r-patched-linux-x86_64, r-patched-solaris-x86

Version: 0.1.0
Check: dependencies in R code
Result: NOTE
    Namespaces in Imports field not imported from:
     ‘tidyr’ ‘tidyverse’
     All declared Imports should be used.
Flavors: r-devel-linux-x86_64-fedora-clang, r-devel-linux-x86_64-fedora-gcc, r-devel-windows-x86_64-gcc10-UCRT, r-patched-solaris-x86, r-release-macos-x86_64, r-oldrel-macos-x86_64