CRAN Package Check Results for Package dosedesignR

Last updated on 2024-05-29 17:53:52 CEST.

Flavor Version Tinstall Tcheck Ttotal Status Flags
r-devel-linux-x86_64-debian-clang 0.3.0 3.86 31.51 35.37 OK
r-devel-linux-x86_64-debian-gcc 0.3.0 2.86 25.28 28.14 OK
r-devel-linux-x86_64-fedora-clang 0.3.0 46.67 NOTE
r-devel-linux-x86_64-fedora-gcc 0.3.0 55.76 NOTE
r-devel-windows-x86_64 0.3.0 4.00 47.00 51.00 OK
r-patched-linux-x86_64 0.3.0 4.13 31.38 35.51 OK
r-release-linux-x86_64 0.3.0 3.45 30.95 34.40 OK
r-release-macos-arm64 0.3.0 25.00 OK
r-release-windows-x86_64 0.3.0 5.00 46.00 51.00 OK
r-oldrel-macos-arm64 0.3.0 24.00 OK
r-oldrel-macos-x86_64 0.3.0 34.00 OK
r-oldrel-windows-x86_64 0.3.0 6.00 49.00 55.00 OK

Check Details

Version: 0.3.0
Check: dependencies in R code
Result: NOTE Namespaces in Imports field not imported from: ‘DT’ ‘DoseFinding’ ‘Rsolnp’ ‘ggplot2’ ‘kableExtra’ ‘knitr’ ‘latticeExtra’ ‘purrr’ ‘readxl’ ‘shinyBS’ ‘shinyWidgets’ ‘shinyjs’ ‘stringr’ ‘utils’ All declared Imports should be used. Flavors: r-devel-linux-x86_64-fedora-clang, r-devel-linux-x86_64-fedora-gcc