CRAN Package Check Results for Package doolkit

Last updated on 2024-05-24 11:58:23 CEST.

Flavor Version Tinstall Tcheck Ttotal Status Flags
r-devel-linux-x86_64-debian-clang 1.42.2 16.42 179.58 196.00 NOTE
r-devel-linux-x86_64-debian-gcc 1.42.2 13.14 130.46 143.60 NOTE
r-devel-linux-x86_64-fedora-clang 1.42.2 247.90 NOTE
r-devel-linux-x86_64-fedora-gcc 1.42.2 230.20 NOTE
r-devel-windows-x86_64 1.42.2 16.00 157.00 173.00 NOTE
r-patched-linux-x86_64 1.42.2 17.90 174.40 192.30 NOTE
r-release-linux-x86_64 1.42.2 17.45 170.91 188.36 NOTE
r-release-macos-arm64 1.42.2 50.00 ERROR
r-release-windows-x86_64 1.42.2 18.00 156.00 174.00 NOTE
r-oldrel-macos-arm64 1.42.2 65.00 NOTE
r-oldrel-macos-x86_64 1.42.2 1803.00 NOTE
r-oldrel-windows-x86_64 1.42.2 25.00 186.00 211.00 NOTE

Additional issues

M1mac

Check Details

Version: 1.42.2
Check: Rd files
Result: NOTE checkRd: (-1) dkprofile.Rd:64: Lost braces 64 | \doi{10.3389/fphys.2017.00524}{Thiery et al. (2017)} | ^ checkRd: (-1) dne.Rd:45: Lost braces 45 | \doi{10.1002/ajpa.21489}{Bunn et al. (2011)} | ^ checkRd: (-1) dne.Rd:47: Lost braces 47 | \doi{10.1007/s10914-016-9326-0}{Pampush et al. (2016)} | ^ checkRd: (-1) inclin.Rd:28: Lost braces 28 | \doi{10.1371/journal.pone.0066142}{Guy et al. (2013)} | ^ checkRd: (-1) oedist.Rd:43: Lost braces 43 | \doi{10.1371/journal.pone.0066142}{Guy et al. (2013)} | ^ checkRd: (-1) oedist.Rd:45: Lost braces 45 | \doi{10.1371/journal.pone.0138802}{Guy et al. (2015)} | ^ checkRd: (-1) oedist.Rd:47: Lost braces 47 | \doi{10.3389/fphys.2017.00524}{Thiery et al. (2017)} | ^ checkRd: (-1) oedist.Rd:49: Lost braces 49 | \doi{10.1098/rsbl.2019.0671}{Schwartz et al. (2020)} | ^ checkRd: (-1) opc.Rd:36: Lost braces 36 | \doi{10.1038/nature05433}{Evans et al. (2007)} | ^ checkRd: (-1) opcr.Rd:30: Lost braces 30 | \doi{10.1038/nature10880}{Wilson et al. (2012)} | ^ checkRd: (-1) rfi.Rd:34: Lost braces 34 | \doi{10.1016/j.jhevol.2008.08.002}{Boyer (2008)} | ^ checkRd: (-1) rfi.Rd:35: Lost braces 35 | \doi{10.1371/journal.pone.0066142}{Guy et al. (2013)} | ^ checkRd: (-1) rrate.Rd:34: Lost braces 34 | \doi{10.1002/ajpa.23916}{Thiery et al. (2019)} | ^ checkRd: (-1) shape.index.Rd:44: Lost braces 44 | \doi{10.1029/TR013i001p00350}{Horton (1932)} | ^ checkRd: (-1) shape.index.Rd:46: Lost braces 46 | \doi{10.1130/0016-7606(1956)67[597:EODSAS]2.0.CO;2}{Schumm (1956)} | ^ checkRd: (-1) shape.index.Rd:48: Lost braces 48 | \doi{10.2475/ajs.255.2.138}{Chorley et al. (1957)} | ^ Flavors: r-devel-linux-x86_64-debian-clang, r-devel-linux-x86_64-debian-gcc, r-devel-linux-x86_64-fedora-clang, r-devel-linux-x86_64-fedora-gcc, r-devel-windows-x86_64, r-patched-linux-x86_64, r-release-linux-x86_64, r-release-macos-arm64, r-release-windows-x86_64

Version: 1.42.2
Check: installed package size
Result: NOTE installed size is 6.4Mb sub-directories of 1Mb or more: R 2.0Mb data 1.9Mb extdata 2.3Mb Flavors: r-devel-linux-x86_64-fedora-clang, r-devel-windows-x86_64, r-release-macos-arm64, r-release-windows-x86_64, r-oldrel-macos-arm64, r-oldrel-macos-x86_64, r-oldrel-windows-x86_64

Version: 1.42.2
Check: Rd cross-references
Result: NOTE Undeclared package ‘molaR’ in Rd xrefs Flavor: r-devel-linux-x86_64-fedora-clang

Version: 1.42.2
Check: examples
Result: ERROR Running examples in ‘doolkit-Ex.R’ failed The error most likely occurred in: > ### Name: dkborder > ### Title: dkborder > ### Aliases: dkborder > > ### ** Examples > > border <- dkborder(dkmodel$cusp) > > # Map the border in orange: > is_border <- rep(1, Rvcg::nfaces(dkmodel$cusp)) > is_border[border] <- 2 > dkmap(dkmodel$cusp, is_border, col = c("white", "#E69F00"), col.levels = 2, legend = FALSE, + scalebar = FALSE, smooth = FALSE) Warning in normalizePath(texture) : path[1]="/var/folders/k4/0jwzxmln0nb8y6rkzprptb640000gq/T//RtmpVZL5EK/file7ab930bbc064.png": No such file or directory Warning in rgl.material0(color = "white", alpha = 1, lit = FALSE, ambient = "#000000", : RGL: Pixmap load: unable to open file '/var/folders/k4/0jwzxmln0nb8y6rkzprptb640000gq/T//RtmpVZL5EK/file7ab930bbc064.png' for reading > > # Compare with vcgBorder from the R package Rvcg, in blue: > vcgborder <- which(Rvcg::vcgBorder(dkmodel$cusp)$borderit == TRUE) > is_border[vcgborder] <- 3 > dkmap(dkmodel$cusp, is_border, col = c("white", "#E69F00", "#56B4E9"), col.levels = 3, + legend = FALSE, scalebar = FALSE, smooth = FALSE) Flavor: r-release-macos-arm64