CRAN Package Check Results for Package dobson

Last updated on 2024-04-18 06:09:44 CEST.

Flavor Version Tinstall Tcheck Ttotal Status Flags
r-devel-linux-x86_64-debian-clang 0.4 1.93 26.81 28.74 NOTE
r-devel-linux-x86_64-debian-gcc 0.4 1.87 20.63 22.50 NOTE
r-devel-linux-x86_64-fedora-clang 0.4 36.04 NOTE
r-devel-linux-x86_64-fedora-gcc 0.4 34.73 NOTE
r-prerel-macos-arm64 0.4 18.00 NOTE
r-prerel-windows-x86_64 0.4 4.00 50.00 54.00 NOTE
r-patched-linux-x86_64 0.4 3.02 24.97 27.99 NOTE
r-release-linux-x86_64 0.4 2.55 24.73 27.28 OK
r-release-macos-arm64 0.4 18.00 OK
r-release-macos-x86_64 0.4 23.00 OK
r-release-windows-x86_64 0.4 6.00 53.00 59.00 OK
r-oldrel-macos-arm64 0.4 19.00 OK
r-oldrel-windows-x86_64 0.4 8.00 54.00 62.00 OK

Check Details

Version: 0.4
Check: Rd files
Result: NOTE checkRd: (-1) beetle.Rd:13: Lost braces; missing escapes or markup? 13 | \item{\code{x}}{dose (log base 10 CS2mgl^{-1})} | ^ Flavors: r-devel-linux-x86_64-debian-clang, r-devel-linux-x86_64-debian-gcc, r-devel-linux-x86_64-fedora-clang, r-devel-linux-x86_64-fedora-gcc, r-prerel-macos-arm64, r-prerel-windows-x86_64, r-patched-linux-x86_64