CRAN Package Check Results for Package doMPI

Last updated on 2020-08-06 17:49:16 CEST.

Flavor Version Tinstall Tcheck Ttotal Status Flags
r-devel-linux-x86_64-debian-clang 0.2.2 3.78 29.61 33.39 OK
r-devel-linux-x86_64-debian-gcc 0.2.2 2.75 23.18 25.93 OK
r-devel-linux-x86_64-fedora-clang 0.2.2 49.66 OK
r-devel-linux-x86_64-fedora-gcc 0.2.2 40.49 OK
r-devel-windows-ix86+x86_64 0.2.2 15.00 44.00 59.00 OK
r-patched-linux-x86_64 0.2.2 3.80 29.27 33.07 OK
r-patched-solaris-x86 0.2.2 57.90 OK
r-release-linux-x86_64 0.2.2 3.30 29.71 33.01 OK
r-release-macos-x86_64 0.2.2 ERROR
r-release-windows-ix86+x86_64 0.2.2 11.00 69.00 80.00 OK
r-oldrel-macos-x86_64 0.2.2 ERROR
r-oldrel-windows-ix86+x86_64 0.2.2 5.00 60.00 65.00 OK

Check Details

Version: 0.2.2
Check: package dependencies
Result: ERROR
    Package required but not available: ‘Rmpi’
    
    See section ‘The DESCRIPTION file’ in the ‘Writing R Extensions’
    manual.
Flavors: r-release-macos-x86_64, r-oldrel-macos-x86_64