CRAN Package Check Results for Package dml

Last updated on 2024-05-18 17:55:59 CEST.

Flavor Version Tinstall Tcheck Ttotal Status Flags
r-devel-linux-x86_64-debian-clang 1.1.0 8.16 88.41 96.57 NOTE
r-devel-linux-x86_64-debian-gcc 1.1.0 5.23 65.19 70.42 NOTE
r-devel-linux-x86_64-fedora-clang 1.1.0 123.92 NOTE
r-devel-linux-x86_64-fedora-gcc 1.1.0 168.82 NOTE
r-devel-windows-x86_64 1.1.0 7.00 79.00 86.00 NOTE
r-patched-linux-x86_64 1.1.0 7.11 82.26 89.37 NOTE
r-release-linux-x86_64 1.1.0 7.44 83.89 91.33 NOTE
r-release-macos-arm64 1.1.0 32.00 NOTE
r-release-windows-x86_64 1.1.0 8.00 81.00 89.00 NOTE
r-oldrel-macos-arm64 1.1.0 37.00 OK
r-oldrel-macos-x86_64 1.1.0 63.00 OK
r-oldrel-windows-x86_64 1.1.0 9.00 93.00 102.00 OK

Check Details

Version: 1.1.0
Check: Rd files
Result: NOTE checkRd: (-1) dca.Rd:24: Lost braces; missing escapes or markup? 24 | \eqn{neglinks_{ij} = 1} means chunklet \code{i} and chunklet {j} | ^ checkRd: (-1) dca.Rd:26: Lost braces; missing escapes or markup? 26 | \eqn{neglinks_{ij} = 0} means chunklet \code{i} and chunklet {j} | ^ checkRd: (-1) rca.Rd:57: Lost braces; missing escapes or markup? 57 | e.g. {1, 3, 7} and {4, 6}, might belong to the | ^ checkRd: (-1) rca.Rd:57: Lost braces; missing escapes or markup? 57 | e.g. {1, 3, 7} and {4, 6}, might belong to the | ^ Flavors: r-devel-linux-x86_64-debian-clang, r-devel-linux-x86_64-debian-gcc, r-devel-linux-x86_64-fedora-clang, r-devel-linux-x86_64-fedora-gcc, r-devel-windows-x86_64, r-patched-linux-x86_64, r-release-linux-x86_64, r-release-macos-arm64, r-release-windows-x86_64