CRAN Package Check Results for Package dixon

Last updated on 2021-05-08 05:57:04 CEST.

Flavor Version Tinstall Tcheck Ttotal Status Flags
r-devel-linux-x86_64-debian-clang 0.0-7 9.86 79.10 88.96 OK
r-devel-linux-x86_64-debian-gcc 0.0-7 8.94 61.33 70.27 OK
r-devel-linux-x86_64-fedora-clang 0.0-7 120.04 NOTE
r-devel-linux-x86_64-fedora-gcc 0.0-7 108.69 OK
r-devel-windows-ix86+x86_64 0.0-7 22.00 11.00 33.00 ERROR
r-devel-windows-x86_64-gcc10-UCRT 0.0-7 OK
r-patched-linux-x86_64 0.0-7 10.15 77.60 87.75 OK
r-patched-solaris-x86 0.0-7 167.00 OK
r-release-linux-x86_64 0.0-7 11.12 74.81 85.93 OK
r-release-macos-x86_64 0.0-7 OK
r-release-windows-ix86+x86_64 0.0-7 19.00 105.00 124.00 OK
r-oldrel-macos-x86_64 0.0-7 OK
r-oldrel-windows-ix86+x86_64 0.0-7 23.00 91.00 114.00 OK

Check Details

Version: 0.0-7
Check: Rd cross-references
Result: NOTE
    Undeclared package ‘ecespa’ in Rd xrefs
Flavor: r-devel-linux-x86_64-fedora-clang

Version: 0.0-7
Check: whether package can be installed
Result: ERROR
    Installation failed.
Flavor: r-devel-windows-ix86+x86_64