CRAN Package Check Results for Package diffdf

Last updated on 2024-05-19 00:52:16 CEST.

Flavor Version Tinstall Tcheck Ttotal Status Flags
r-devel-linux-x86_64-debian-clang 1.0.4 4.41 70.85 75.26 NOTE
r-devel-linux-x86_64-debian-gcc 1.0.4 3.97 51.87 55.84 NOTE
r-devel-linux-x86_64-fedora-clang 1.0.4 96.01 NOTE
r-devel-linux-x86_64-fedora-gcc 1.0.4 122.13 NOTE
r-devel-windows-x86_64 1.0.4 5.00 75.00 80.00 NOTE
r-patched-linux-x86_64 1.0.4 5.88 65.97 71.85 NOTE
r-release-linux-x86_64 1.0.4 4.55 67.17 71.72 NOTE
r-release-macos-arm64 1.0.4 34.00 NOTE
r-release-windows-x86_64 1.0.4 6.00 75.00 81.00 NOTE
r-oldrel-macos-arm64 1.0.4 35.00 NOTE
r-oldrel-macos-x86_64 1.0.4 58.00 NOTE
r-oldrel-windows-x86_64 1.0.4 6.00 83.00 89.00 NOTE

Check Details

Version: 1.0.4
Check: LazyData
Result: NOTE 'LazyData' is specified without a 'data' directory Flavors: r-devel-linux-x86_64-debian-clang, r-devel-linux-x86_64-debian-gcc, r-devel-linux-x86_64-fedora-clang, r-devel-linux-x86_64-fedora-gcc, r-devel-windows-x86_64, r-patched-linux-x86_64, r-release-linux-x86_64, r-release-macos-arm64, r-release-windows-x86_64, r-oldrel-macos-arm64, r-oldrel-macos-x86_64, r-oldrel-windows-x86_64