CRAN Package Check Results for Package diathor

Last updated on 2021-04-18 00:47:37 CEST.

Flavor Version Tinstall Tcheck Ttotal Status Flags
r-devel-linux-x86_64-debian-clang 0.0.5 21.39 109.97 131.36 OK
r-devel-linux-x86_64-debian-gcc 0.0.5 15.05 82.45 97.50 OK
r-devel-linux-x86_64-fedora-clang 0.0.5 160.00 NOTE
r-devel-linux-x86_64-fedora-gcc 0.0.5 148.56 NOTE
r-devel-windows-ix86+x86_64 0.0.5 41.00 134.00 175.00 OK
r-devel-windows-x86_64-gcc10-UCRT 0.0.5 NOTE
r-patched-linux-x86_64 0.0.5 19.32 100.49 119.81 OK
r-patched-solaris-x86 0.0.5 220.30 NOTE
r-release-linux-x86_64 0.0.5 19.56 99.68 119.24 OK
r-release-macos-x86_64 0.0.5 NOTE
r-release-windows-ix86+x86_64 0.0.5 41.00 133.00 174.00 OK
r-oldrel-macos-x86_64 0.0.5 NOTE
r-oldrel-windows-ix86+x86_64 0.0.5 24.00 127.00 151.00 OK

Check Details

Version: 0.0.5
Check: data for non-ASCII characters
Result: NOTE
     Note: found 7880 marked UTF-8 strings
Flavors: r-devel-linux-x86_64-fedora-clang, r-devel-linux-x86_64-fedora-gcc, r-devel-windows-x86_64-gcc10-UCRT, r-patched-solaris-x86, r-release-macos-x86_64, r-oldrel-macos-x86_64