CRAN Package Check Results for Package descr

Last updated on 2020-09-19 05:49:26 CEST.

Flavor Version Tinstall Tcheck Ttotal Status Flags
r-devel-linux-x86_64-debian-clang 1.1.4 5.03 29.03 34.06 NOTE
r-devel-linux-x86_64-debian-gcc 1.1.4 3.68 22.42 26.10 NOTE
r-devel-linux-x86_64-fedora-clang 1.1.4 49.65 NOTE
r-devel-linux-x86_64-fedora-gcc 1.1.4 40.42 NOTE
r-devel-windows-ix86+x86_64 1.1.4 11.00 45.00 56.00 OK
r-patched-linux-x86_64 1.1.4 4.83 28.61 33.44 NOTE
r-patched-solaris-x86 1.1.4 56.10 NOTE
r-release-linux-x86_64 1.1.4 4.52 28.64 33.16 NOTE
r-release-macos-x86_64 1.1.4 OK
r-release-windows-ix86+x86_64 1.1.4 11.00 44.00 55.00 OK
r-oldrel-macos-x86_64 1.1.4 OK
r-oldrel-windows-ix86+x86_64 1.1.4 8.00 51.00 59.00 OK

Check Details

Version: 1.1.4
Check: for non-standard things in the check directory
Result: NOTE
    Found the following files/directories:
     'x.R' 'x.sps' 'x.txt'
Flavors: r-devel-linux-x86_64-debian-clang, r-devel-linux-x86_64-debian-gcc, r-devel-linux-x86_64-fedora-clang, r-devel-linux-x86_64-fedora-gcc, r-patched-linux-x86_64, r-patched-solaris-x86, r-release-linux-x86_64