CRAN Package Check Results for Package depmixS4

Last updated on 2021-01-19 16:47:41 CET.

Flavor Version Tinstall Tcheck Ttotal Status Flags
r-devel-linux-x86_64-debian-clang 1.4-2 11.82 120.20 132.02 NOTE
r-devel-linux-x86_64-debian-gcc 1.4-2 7.99 86.03 94.02 NOTE
r-devel-linux-x86_64-fedora-clang 1.4-2 161.91 NOTE
r-devel-linux-x86_64-fedora-gcc 1.4-2 153.25 NOTE
r-devel-windows-ix86+x86_64 1.4-2 20.00 168.00 188.00 NOTE
r-patched-linux-x86_64 1.4-2 8.84 111.44 120.28 NOTE
r-patched-solaris-x86 1.4-2 197.50 NOTE
r-release-linux-x86_64 1.4-2 9.63 113.12 122.75 WARN
r-release-macos-x86_64 1.4-2 NOTE
r-release-windows-ix86+x86_64 1.4-2 19.00 178.00 197.00 NOTE
r-oldrel-macos-x86_64 1.4-2 NOTE
r-oldrel-windows-ix86+x86_64 1.4-2 13.00 129.00 142.00 NOTE

Check Details

Version: 1.4-2
Check: package dependencies
Result: NOTE
    Package suggested but not available for checking: 'Rdonlp2'
Flavors: r-devel-linux-x86_64-debian-clang, r-devel-linux-x86_64-debian-gcc, r-devel-linux-x86_64-fedora-clang, r-devel-linux-x86_64-fedora-gcc, r-devel-windows-ix86+x86_64, r-patched-linux-x86_64, r-patched-solaris-x86, r-release-linux-x86_64, r-release-macos-x86_64, r-release-windows-ix86+x86_64, r-oldrel-macos-x86_64, r-oldrel-windows-ix86+x86_64

Version: 1.4-2
Check: re-building of vignette outputs
Result: WARN
    Error(s) in re-building vignettes:
     ...
    --- re-building ‘depmixS4.Rnw’ using Sweave
    Loading required package: nnet
    Loading required package: MASS
    Loading required package: Rsolnp
    Loading required package: nlme
    Warning in p0 * vscale[(neq + 2):(nc + np + 1)] :
     longer object length is not a multiple of shorter object length
    Loading required package: splines
    Loading required package: gamlss.data
    
    Attaching package: 'gamlss.data'
    
    The following object is masked from 'package:datasets':
    
     sleep
    
    Loading required package: gamlss.dist
    Loading required package: parallel
     ********** GAMLSS Version 5.2-0 **********
    For more on GAMLSS look at https://www.gamlss.com/
    Type gamlssNews() to see new features/changes/bug fixes.
    
    Error: processing vignette 'depmixS4.Rnw' failed with diagnostics:
    Running ‘texi2dvi’ on ‘depmixS4.tex’ failed.
    LaTeX errors:
    ! Undefined control sequence.
    <recently read> \Hy@colorlink
    
    l.70 \begin{document}
    
    ! Undefined control sequence.
    \close@pdflink ->\Hy@endcolorlink
     \Hy@VerboseLinkStop \pdfendlink
    l.70 \begin{document}
    
    ! Undefined control sequence.
    <recently read> \Hy@colorlink
    
    l.70 \begin{document}
    
    ! Undefined control sequence.
    \close@pdflink ->\Hy@endcolorlink
     \Hy@VerboseLinkStop \pdfendlink
    l.70 \begin{document}
    
    --- failed re-building 'depmixS4.Rnw'
    
    SUMMARY: processing the following file failed:
     'depmixS4.Rnw'
    
    Error: Vignette re-building failed.
    Execution halted
Flavor: r-release-linux-x86_64