CRAN Package Check Results for Package densitr

Last updated on 2021-04-19 17:48:23 CEST.

Flavor Version Tinstall Tcheck Ttotal Status Flags
r-devel-linux-x86_64-debian-clang 0.1.0 3.00 239.88 242.88 NOTE
r-devel-linux-x86_64-debian-gcc 0.1.0 2.60 192.72 195.32 NOTE
r-devel-linux-x86_64-fedora-clang 0.1.0 301.93 NOTE
r-devel-linux-x86_64-fedora-gcc 0.1.0 291.56 NOTE
r-devel-windows-ix86+x86_64 0.1.0 7.00 249.00 256.00 NOTE
r-devel-windows-x86_64-gcc10-UCRT 0.1.0 NOTE
r-patched-linux-x86_64 0.1.0 3.36 239.75 243.11 OK
r-patched-solaris-x86 0.1.0 386.60 OK
r-release-linux-x86_64 0.1.0 3.07 235.82 238.89 OK
r-release-macos-x86_64 0.1.0 OK
r-release-windows-ix86+x86_64 0.1.0 6.00 255.00 261.00 OK
r-oldrel-macos-x86_64 0.1.0 OK
r-oldrel-windows-ix86+x86_64 0.1.0 4.00 292.00 296.00 OK

Check Details

Version: 0.1.0
Check: LazyData
Result: NOTE
     'LazyData' is specified without a 'data' directory
Flavors: r-devel-linux-x86_64-debian-clang, r-devel-linux-x86_64-debian-gcc, r-devel-linux-x86_64-fedora-clang, r-devel-linux-x86_64-fedora-gcc, r-devel-windows-ix86+x86_64, r-devel-windows-x86_64-gcc10-UCRT