CRAN Package Check Results for Package ddiv

Last updated on 2024-05-20 05:49:30 CEST.

Flavor Version Tinstall Tcheck Ttotal Status Flags
r-devel-linux-x86_64-debian-clang 0.1.1 3.91 66.93 70.84 OK
r-devel-linux-x86_64-debian-gcc 0.1.1 2.42 49.47 51.89 OK
r-devel-linux-x86_64-fedora-clang 0.1.1 92.29 NOTE
r-devel-linux-x86_64-fedora-gcc 0.1.1 100.73 NOTE
r-devel-windows-x86_64 0.1.1 4.00 71.00 75.00 OK
r-patched-linux-x86_64 0.1.1 2.32 64.64 66.96 OK
r-release-linux-x86_64 0.1.1 2.80 62.86 65.66 OK
r-release-macos-arm64 0.1.1 36.00 OK
r-release-windows-x86_64 0.1.1 5.00 72.00 77.00 OK
r-oldrel-macos-arm64 0.1.1 38.00 OK
r-oldrel-macos-x86_64 0.1.1 57.00 OK
r-oldrel-windows-x86_64 0.1.1 4.00 77.00 81.00 OK

Check Details

Version: 0.1.1
Check: dependencies in R code
Result: NOTE Namespaces in Imports field not imported from: ‘MASS’ ‘qpdf’ All declared Imports should be used. Flavors: r-devel-linux-x86_64-fedora-clang, r-devel-linux-x86_64-fedora-gcc