CRAN Package Check Results for Package datacleanr

Last updated on 2021-05-10 17:46:54 CEST.

Flavor Version Tinstall Tcheck Ttotal Status Flags
r-devel-linux-x86_64-debian-clang 1.0.1 5.09 41.23 46.32 NOTE
r-devel-linux-x86_64-debian-gcc 1.0.1 3.42 31.49 34.91 NOTE
r-devel-linux-x86_64-fedora-clang 1.0.1 68.27 NOTE
r-devel-linux-x86_64-fedora-gcc 1.0.1 53.33 NOTE
r-devel-windows-ix86+x86_64 1.0.1 11.00 60.00 71.00 NOTE
r-devel-windows-x86_64-gcc10-UCRT 1.0.1 NOTE
r-patched-linux-x86_64 1.0.1 11.47 39.88 51.35 NOTE
r-patched-solaris-x86 1.0.1 75.50 NOTE
r-release-linux-x86_64 1.0.1 4.35 39.13 43.48 OK
r-release-macos-x86_64 1.0.1 OK
r-release-windows-ix86+x86_64 1.0.1 8.00 45.00 53.00 OK
r-oldrel-macos-x86_64 1.0.1 NOTE
r-oldrel-windows-ix86+x86_64 1.0.1 8.00 54.00 62.00 OK

Check Details

Version: 1.0.1
Check: LazyData
Result: NOTE
     'LazyData' is specified without a 'data' directory
Flavors: r-devel-linux-x86_64-debian-clang, r-devel-linux-x86_64-debian-gcc, r-devel-linux-x86_64-fedora-clang, r-devel-linux-x86_64-fedora-gcc, r-devel-windows-ix86+x86_64, r-devel-windows-x86_64-gcc10-UCRT, r-patched-linux-x86_64, r-patched-solaris-x86

Version: 1.0.1
Check: dependencies in R code
Result: NOTE
    No protocol specified
    No protocol specified
Flavor: r-oldrel-macos-x86_64