CRAN Package Check Results for Package data.tree

Last updated on 2018-01-17 09:53:21 CET.

Flavor Version Tinstall Tcheck Ttotal Status Flags
r-devel-linux-x86_64-debian-clang 0.7.4 4.38 117.66 122.04 OK
r-devel-linux-x86_64-debian-gcc 0.7.4 3.02 90.34 93.36 OK
r-devel-linux-x86_64-fedora-clang 0.7.4 134.04 OK
r-devel-linux-x86_64-fedora-gcc 0.7.4 134.15 OK
r-devel-windows-ix86+x86_64 0.7.4 12.00 139.00 151.00 OK
r-patched-linux-x86_64 0.7.4 4.09 115.16 119.25 OK
r-patched-solaris-x86 0.7.4 186.00 WARN
r-release-linux-x86_64 0.7.4 3.55 112.81 116.36 OK
r-release-windows-ix86+x86_64 0.7.4 10.00 130.00 140.00 OK
r-release-osx-x86_64 0.7.4 WARN
r-oldrel-windows-ix86+x86_64 0.7.4 14.00 117.00 131.00 OK
r-oldrel-osx-x86_64 0.7.4 WARN

Check Details

Version: 0.7.4
Check: re-building of vignette outputs
Result: WARN
    Error in re-building vignettes:
     ...
    Warning in engine$weave(file, quiet = quiet, encoding = enc) :
     Pandoc (>= 1.12.3) and/or pandoc-citeproc not available. Falling back to R Markdown v1.
    Warning in engine$weave(file, quiet = quiet, encoding = enc) :
     Pandoc (>= 1.12.3) and/or pandoc-citeproc not available. Falling back to R Markdown v1.
    PhantomJS not found. You can install it with webshot::install_phantomjs(). If it is installed, please make sure the phantomjs executable can be found via the PATH variable.
    Warning in normalizePath(f2) :
     path[1]="./webshot4a16177f5882.png": No such file or directory
    Warning in file(con, "rb") :
     cannot open file './webshot4a16177f5882.png': No such file or directory
    Quitting from lines 512-515 (data.tree.Rmd)
    Error: processing vignette 'data.tree.Rmd' failed with diagnostics:
    cannot open the connection
    Execution halted
Flavor: r-patched-solaris-x86

Version: 0.7.4
Check: re-building of vignette outputs
Result: WARN
    Error in re-building vignettes:
     ...
    Warning in engine$weave(file, quiet = quiet, encoding = enc) :
     Pandoc (>= 1.12.3) and/or pandoc-citeproc not available. Falling back to R Markdown v1.
    Warning in engine$weave(file, quiet = quiet, encoding = enc) :
     Pandoc (>= 1.12.3) and/or pandoc-citeproc not available. Falling back to R Markdown v1.
    PhantomJS not found. You can install it with webshot::install_phantomjs(). If it is installed, please make sure the phantomjs executable can be found via the PATH variable.
    Warning in normalizePath(f2) :
     path[1]="./webshot14b9e2e015ee6.png": No such file or directory
    Warning in file(con, "rb") :
     cannot open file './webshot14b9e2e015ee6.png': No such file or directory
    Quitting from lines 512-515 (data.tree.Rmd)
    Error: processing vignette 'data.tree.Rmd' failed with diagnostics:
    cannot open the connection
    Execution halted
Flavor: r-release-osx-x86_64

Version: 0.7.4
Check: re-building of vignette outputs
Result: WARN
    Error in re-building vignettes:
     ...
    Warning in engine$weave(file, quiet = quiet, encoding = enc) :
     Pandoc (>= 1.12.3) and/or pandoc-citeproc not available. Falling back to R Markdown v1.
    Warning in engine$weave(file, quiet = quiet, encoding = enc) :
     Pandoc (>= 1.12.3) and/or pandoc-citeproc not available. Falling back to R Markdown v1.
    PhantomJS not found. You can install it with webshot::install_phantomjs(). If it is installed, please make sure the phantomjs executable can be found via the PATH variable.
    Warning in normalizePath(f2) :
     path[1]="./webshot9b12657d5480.png": No such file or directory
    Warning in file(con, "rb") :
     cannot open file './webshot9b12657d5480.png': No such file or directory
    Quitting from lines 512-515 (data.tree.Rmd)
    Error: processing vignette 'data.tree.Rmd' failed with diagnostics:
    cannot open the connection
    Execution halted
Flavor: r-oldrel-osx-x86_64