CRAN Package Check Results for Package dadjoke

Last updated on 2021-04-20 05:47:29 CEST.

Flavor Version Tinstall Tcheck Ttotal Status Flags
r-devel-linux-x86_64-debian-clang 1.0 1.78 18.90 20.68 NOTE
r-devel-linux-x86_64-debian-gcc 1.0 1.35 15.39 16.74 NOTE
r-devel-linux-x86_64-fedora-clang 1.0 35.18 NOTE
r-devel-linux-x86_64-fedora-gcc 1.0 25.29 NOTE
r-devel-windows-ix86+x86_64 1.0 4.00 29.00 33.00 NOTE
r-devel-windows-x86_64-gcc10-UCRT 1.0 NOTE
r-patched-linux-x86_64 1.0 1.71 18.69 20.40 OK
r-patched-solaris-x86 1.0 39.40 OK
r-release-linux-x86_64 1.0 1.85 18.79 20.64 OK
r-release-macos-x86_64 1.0 OK
r-release-windows-ix86+x86_64 1.0 4.00 24.00 28.00 OK
r-oldrel-macos-x86_64 1.0 OK
r-oldrel-windows-ix86+x86_64 1.0 3.00 32.00 35.00 OK

Check Details

Version: 1.0
Check: LazyData
Result: NOTE
     'LazyData' is specified without a 'data' directory
Flavors: r-devel-linux-x86_64-debian-clang, r-devel-linux-x86_64-debian-gcc, r-devel-linux-x86_64-fedora-clang, r-devel-linux-x86_64-fedora-gcc, r-devel-windows-ix86+x86_64, r-devel-windows-x86_64-gcc10-UCRT