CRAN Package Check Results for Package cutoff

Last updated on 2024-05-18 01:07:56 CEST.

Flavor Version Tinstall Tcheck Ttotal Status Flags
r-devel-linux-x86_64-debian-clang 1.3 2.86 33.19 36.05 NOTE
r-devel-linux-x86_64-debian-gcc 1.3 2.43 24.98 27.41 NOTE
r-devel-linux-x86_64-fedora-clang 1.3 47.20 NOTE
r-devel-linux-x86_64-fedora-gcc 1.3 44.96 NOTE
r-devel-windows-x86_64 1.3 4.00 48.00 52.00 NOTE
r-patched-linux-x86_64 1.3 2.02 31.65 33.67 NOTE
r-release-linux-x86_64 1.3 1.85 32.19 34.04 NOTE
r-release-macos-arm64 1.3 17.00 NOTE
r-release-windows-x86_64 1.3 4.00 48.00 52.00 NOTE
r-oldrel-macos-arm64 1.3 20.00 NOTE
r-oldrel-macos-x86_64 1.3 27.00 NOTE
r-oldrel-windows-x86_64 1.3 5.00 53.00 58.00 NOTE

Check Details

Version: 1.3
Check: LazyData
Result: NOTE 'LazyData' is specified without a 'data' directory Flavors: r-devel-linux-x86_64-debian-clang, r-devel-linux-x86_64-debian-gcc, r-devel-linux-x86_64-fedora-clang, r-devel-linux-x86_64-fedora-gcc, r-devel-windows-x86_64, r-patched-linux-x86_64, r-release-linux-x86_64, r-release-macos-arm64, r-release-windows-x86_64, r-oldrel-macos-arm64, r-oldrel-macos-x86_64, r-oldrel-windows-x86_64