CRAN Package Check Results for Package ctrdata

Last updated on 2024-05-20 11:56:09 CEST.

Flavor Version Tinstall Tcheck Ttotal Status Flags
r-devel-linux-x86_64-debian-clang 1.18.0 13.77 91.40 105.17 OK
r-devel-linux-x86_64-debian-gcc 1.18.0 8.81 68.61 77.42 OK
r-devel-linux-x86_64-fedora-clang 1.18.0 140.10 NOTE
r-devel-linux-x86_64-fedora-gcc 1.18.0 135.92 OK
r-devel-windows-x86_64 1.18.0 11.00 83.00 94.00 NOTE
r-patched-linux-x86_64 1.18.0 8.62 87.44 96.06 OK
r-release-linux-x86_64 1.18.0 11.72 88.80 100.52 OK
r-release-macos-arm64 1.18.0 47.00 NOTE
r-release-macos-x86_64 1.18.0 116.00 NOTE
r-release-windows-x86_64 1.18.0 12.00 102.00 114.00 NOTE
r-oldrel-macos-arm64 1.18.0 57.00 NOTE
r-oldrel-macos-x86_64 1.18.0 92.00 NOTE
r-oldrel-windows-x86_64 1.18.0 15.00 98.00 113.00 NOTE

Check Details

Version: 1.18.0
Check: installed package size
Result: NOTE installed size is 5.1Mb sub-directories of 1Mb or more: extdata 3.0Mb Flavors: r-devel-linux-x86_64-fedora-clang, r-devel-windows-x86_64, r-release-macos-arm64, r-release-macos-x86_64, r-release-windows-x86_64, r-oldrel-macos-arm64, r-oldrel-macos-x86_64, r-oldrel-windows-x86_64