CRAN Package Check Results for Package csv

Last updated on 2021-04-21 05:48:32 CEST.

Flavor Version Tinstall Tcheck Ttotal Status Flags
r-devel-linux-x86_64-debian-clang 0.5.9 2.23 27.23 29.46 NOTE
r-devel-linux-x86_64-debian-gcc 0.5.9 1.83 20.89 22.72 NOTE
r-devel-linux-x86_64-fedora-clang 0.5.9 45.31 NOTE
r-devel-linux-x86_64-fedora-gcc 0.5.9 35.03 NOTE
r-devel-windows-ix86+x86_64 0.5.9 6.00 32.00 38.00 NOTE
r-devel-windows-x86_64-gcc10-UCRT 0.5.9 NOTE
r-patched-linux-x86_64 0.5.9 2.43 25.53 27.96 OK
r-patched-solaris-x86 0.5.9 54.20 OK
r-release-linux-x86_64 0.5.9 2.39 25.49 27.88 OK
r-release-macos-x86_64 0.5.9 OK
r-release-windows-ix86+x86_64 0.5.9 6.00 44.00 50.00 OK
r-oldrel-macos-x86_64 0.5.9 OK
r-oldrel-windows-ix86+x86_64 0.5.9 4.00 42.00 46.00 OK

Check Details

Version: 0.5.9
Check: LazyData
Result: NOTE
     'LazyData' is specified without a 'data' directory
Flavors: r-devel-linux-x86_64-debian-clang, r-devel-linux-x86_64-debian-gcc, r-devel-linux-x86_64-fedora-clang, r-devel-linux-x86_64-fedora-gcc, r-devel-windows-ix86+x86_64, r-devel-windows-x86_64-gcc10-UCRT