CRAN Package Check Results for Package csranks

Last updated on 2024-05-29 11:52:33 CEST.

Flavor Version Tinstall Tcheck Ttotal Status Flags
r-devel-linux-x86_64-debian-clang 1.2.2 5.93 103.19 109.12 OK
r-devel-linux-x86_64-debian-gcc 1.2.2 5.46 73.40 78.86 OK
r-devel-linux-x86_64-fedora-clang 1.2.2 132.05 NOTE
r-devel-linux-x86_64-fedora-gcc 1.2.2 137.08 NOTE
r-devel-windows-x86_64 1.2.2 8.00 92.00 100.00 OK
r-patched-linux-x86_64 1.2.2 6.62 95.87 102.49 OK
r-release-linux-x86_64 1.2.2 5.90 95.79 101.69 OK
r-release-macos-arm64 1.2.2 46.00 OK
r-release-macos-x86_64 1.2.2 120.00 OK
r-release-windows-x86_64 1.2.2 7.00 91.00 98.00 OK
r-oldrel-macos-arm64 1.2.2 51.00 OK
r-oldrel-macos-x86_64 1.2.2 87.00 OK
r-oldrel-windows-x86_64 1.2.2 9.00 107.00 116.00 OK

Check Details

Version: 1.2.2
Check: data for non-ASCII characters
Result: NOTE Note: found 2 marked UTF-8 strings Flavors: r-devel-linux-x86_64-fedora-clang, r-devel-linux-x86_64-fedora-gcc