CRAN Package Check Results for Package crossrun

Last updated on 2021-05-08 05:57:02 CEST.

Flavor Version Tinstall Tcheck Ttotal Status Flags
r-devel-linux-x86_64-debian-clang 0.1.0 3.04 47.04 50.08 NOTE
r-devel-linux-x86_64-debian-gcc 0.1.0 2.34 35.68 38.02 NOTE
r-devel-linux-x86_64-fedora-clang 0.1.0 73.34 OK
r-devel-linux-x86_64-fedora-gcc 0.1.0 60.14 OK
r-devel-windows-ix86+x86_64 0.1.0 4.00 63.00 67.00 NOTE
r-devel-windows-x86_64-gcc10-UCRT 0.1.0 OK
r-patched-linux-x86_64 0.1.0 2.63 45.86 48.49 NOTE
r-patched-solaris-x86 0.1.0 78.90 OK
r-release-linux-x86_64 0.1.0 3.04 44.15 47.19 NOTE
r-release-macos-x86_64 0.1.0 OK
r-release-windows-ix86+x86_64 0.1.0 6.00 49.00 55.00 NOTE
r-oldrel-macos-x86_64 0.1.0 OK
r-oldrel-windows-ix86+x86_64 0.1.0 3.00 74.00 77.00 OK

Check Details

Version: 0.1.0
Check: package vignettes
Result: NOTE
    Package vignette with placeholder title 'Vignette Title':
     'vignettecrossrun.Rmd'
Flavors: r-devel-linux-x86_64-debian-clang, r-devel-linux-x86_64-debian-gcc, r-devel-windows-ix86+x86_64, r-patched-linux-x86_64, r-release-linux-x86_64, r-release-windows-ix86+x86_64