CRAN Package Check Results for Package crawl

Last updated on 2024-04-17 17:56:19 CEST.

Flavor Version Tinstall Tcheck Ttotal Status Flags
r-devel-linux-x86_64-debian-clang 2.3.0 158.38 67.88 226.26 NOTE
r-devel-linux-x86_64-debian-gcc 2.3.0 117.79 49.52 167.31 NOTE
r-devel-linux-x86_64-fedora-clang 2.3.0 317.95 NOTE
r-devel-linux-x86_64-fedora-gcc 2.3.0 317.82 NOTE
r-prerel-macos-arm64 2.3.0 64.00 NOTE
r-prerel-windows-x86_64 2.3.0 120.00 87.00 207.00 NOTE --no-vignettes
r-patched-linux-x86_64 2.3.0 149.52 63.98 213.50 NOTE
r-release-linux-x86_64 2.3.0 151.42 64.86 216.28 OK
r-release-macos-arm64 2.3.0 77.00 NOTE
r-release-macos-x86_64 2.3.0 125.00 NOTE
r-release-windows-x86_64 2.3.0 148.00 106.00 254.00 OK --no-vignettes
r-oldrel-macos-arm64 2.3.0 80.00 NOTE
r-oldrel-windows-x86_64 2.3.0 138.00 103.00 241.00 OK --no-vignettes

Check Details

Version: 2.3.0
Check: Rd files
Result: NOTE checkRd: (-1) crwPredict.Rd:54-68: Lost braces 54 | \item("predTime"){ | ^ checkRd: (-1) crwPredict.Rd:59: Lost braces 59 | no longer the default (see \item{return.type}). If the original data were | ^ Flavors: r-devel-linux-x86_64-debian-clang, r-devel-linux-x86_64-debian-gcc, r-devel-linux-x86_64-fedora-clang, r-devel-linux-x86_64-fedora-gcc, r-prerel-macos-arm64, r-patched-linux-x86_64

Version: 2.3.0
Check: installed package size
Result: NOTE installed size is 6.0Mb sub-directories of 1Mb or more: libs 5.2Mb Flavors: r-prerel-macos-arm64, r-release-macos-arm64, r-release-macos-x86_64, r-oldrel-macos-arm64

Version: 2.3.0
Flags: --no-vignettes
Check: Rd files
Result: NOTE checkRd: (-1) crwPredict.Rd:54-68: Lost braces 54 | \item("predTime"){ | ^ checkRd: (-1) crwPredict.Rd:59: Lost braces 59 | no longer the default (see \item{return.type}). If the original data were | ^ Flavor: r-prerel-windows-x86_64