CRAN Package Check Results for Package correlbinom

Last updated on 2021-05-08 05:57:02 CEST.

Flavor Version Tinstall Tcheck Ttotal Status Flags
r-devel-linux-x86_64-debian-clang 0.0.1 3.82 39.31 43.13 NOTE
r-devel-linux-x86_64-debian-gcc 0.0.1 2.98 30.99 33.97 NOTE
r-devel-linux-x86_64-fedora-clang 0.0.1 63.08 NOTE
r-devel-linux-x86_64-fedora-gcc 0.0.1 53.42 NOTE
r-devel-windows-ix86+x86_64 0.0.1 6.00 61.00 67.00 NOTE
r-devel-windows-x86_64-gcc10-UCRT 0.0.1 NOTE
r-patched-linux-x86_64 0.0.1 3.40 38.61 42.01 NOTE
r-patched-solaris-x86 0.0.1 77.70 OK
r-release-linux-x86_64 0.0.1 3.83 37.65 41.48 OK
r-release-macos-x86_64 0.0.1 OK
r-release-windows-ix86+x86_64 0.0.1 7.00 44.00 51.00 OK
r-oldrel-macos-x86_64 0.0.1 OK
r-oldrel-windows-ix86+x86_64 0.0.1 8.00 43.00 51.00 OK

Check Details

Version: 0.0.1
Check: LazyData
Result: NOTE
     'LazyData' is specified without a 'data' directory
Flavors: r-devel-linux-x86_64-debian-clang, r-devel-linux-x86_64-debian-gcc, r-devel-linux-x86_64-fedora-clang, r-devel-linux-x86_64-fedora-gcc, r-devel-windows-ix86+x86_64, r-devel-windows-x86_64-gcc10-UCRT, r-patched-linux-x86_64