Last updated on 2021-04-18 11:46:43 CEST.
Flavor | Version | Tinstall | Tcheck | Ttotal | Status | Flags |
---|---|---|---|---|---|---|
r-devel-linux-x86_64-debian-clang | 0.6.1 | 5.88 | 207.71 | 213.59 | OK | |
r-devel-linux-x86_64-debian-gcc | 0.6.1 | 4.79 | 152.40 | 157.19 | OK | |
r-devel-linux-x86_64-fedora-clang | 0.6.1 | 251.10 | OK | |||
r-devel-linux-x86_64-fedora-gcc | 0.6.1 | 252.12 | OK | |||
r-devel-windows-ix86+x86_64 | 0.6.1 | 21.00 | 247.00 | 268.00 | OK | |
r-devel-windows-x86_64-gcc10-UCRT | 0.6.1 | OK | ||||
r-patched-linux-x86_64 | 0.6.1 | 5.39 | 198.21 | 203.60 | OK | |
r-patched-solaris-x86 | 0.6.1 | 341.90 | NOTE | |||
r-release-linux-x86_64 | 0.6.1 | 5.62 | 197.59 | 203.21 | OK | |
r-release-macos-x86_64 | 0.6.1 | OK | ||||
r-release-windows-ix86+x86_64 | 0.6.1 | 18.00 | 216.00 | 234.00 | OK | |
r-oldrel-macos-x86_64 | 0.6.1 | ERROR | ||||
r-oldrel-windows-ix86+x86_64 | 0.6.1 | 18.00 | 246.00 | 264.00 | OK |
Version: 0.6.1
Check: installed package size
Result: NOTE
installed size is 5.3Mb
sub-directories of 1Mb or more:
doc 1.7Mb
help 3.4Mb
Flavor: r-patched-solaris-x86
Version: 0.6.1
Check: package dependencies
Result: ERROR
Package required and available but unsuitable version: ‘bayestestR’
See section ‘The DESCRIPTION file’ in the ‘Writing R Extensions’
manual.
Flavor: r-oldrel-macos-x86_64