CRAN Package Check Results for Package corrViz

Last updated on 2024-04-22 17:56:45 CEST.

Flavor Version Tinstall Tcheck Ttotal Status Flags
r-devel-linux-x86_64-debian-clang 0.1.0 15.01 158.78 173.79 OK
r-devel-linux-x86_64-debian-gcc 0.1.0 10.16 119.78 129.94 OK
r-devel-linux-x86_64-fedora-clang 0.1.0 230.01 NOTE
r-devel-linux-x86_64-fedora-gcc 0.1.0 226.06 OK
r-prerel-macos-arm64 0.1.0 64.00 NOTE
r-prerel-windows-x86_64 0.1.0 14.00 128.00 142.00 NOTE
r-patched-linux-x86_64 0.1.0 10.94 151.36 162.30 OK
r-release-linux-x86_64 0.1.0 13.10 152.63 165.73 OK
r-release-macos-arm64 0.1.0 56.00 NOTE
r-release-macos-x86_64 0.1.0 143.00 NOTE
r-release-windows-x86_64 0.1.0 16.00 157187.00 157203.00 NOTE
r-oldrel-macos-arm64 0.1.0 64.00 NOTE
r-oldrel-windows-x86_64 0.1.0 18.00 177.00 195.00 NOTE

Check Details

Version: 0.1.0
Check: installed package size
Result: NOTE installed size is 7.2Mb sub-directories of 1Mb or more: doc 6.7Mb Flavors: r-devel-linux-x86_64-fedora-clang, r-prerel-macos-arm64, r-prerel-windows-x86_64, r-release-macos-arm64, r-release-macos-x86_64, r-release-windows-x86_64, r-oldrel-macos-arm64, r-oldrel-windows-x86_64