CRAN Package Check Results for Package corpus

Last updated on 2021-04-18 17:47:34 CEST.

Flavor Version Tinstall Tcheck Ttotal Status Flags
r-devel-linux-x86_64-debian-clang 0.10.1 27.96 55.02 82.98 OK
r-devel-linux-x86_64-debian-gcc 0.10.1 20.77 42.05 62.82 OK
r-devel-linux-x86_64-fedora-clang 0.10.1 107.85 NOTE
r-devel-linux-x86_64-fedora-gcc 0.10.1 107.81 NOTE
r-devel-windows-ix86+x86_64 0.10.1 90.00 105.00 195.00 ERROR
r-devel-windows-x86_64-gcc10-UCRT 0.10.1 ERROR
r-patched-linux-x86_64 0.10.1 23.65 52.29 75.94 OK
r-patched-solaris-x86 0.10.1 135.60 NOTE
r-release-linux-x86_64 0.10.1 24.22 52.57 76.79 OK
r-release-macos-x86_64 0.10.1 NOTE
r-release-windows-ix86+x86_64 0.10.1 79.00 112.00 191.00 OK
r-oldrel-macos-x86_64 0.10.1 NOTE
r-oldrel-windows-ix86+x86_64 0.10.1 73.00 105.00 178.00 OK

Check Details

Version: 0.10.1
Check: data for non-ASCII characters
Result: NOTE
     Note: found 578 marked UTF-8 strings
Flavors: r-devel-linux-x86_64-fedora-clang, r-devel-linux-x86_64-fedora-gcc, r-devel-windows-x86_64-gcc10-UCRT, r-patched-solaris-x86, r-release-macos-x86_64, r-oldrel-macos-x86_64

Version: 0.10.1
Check: running tests for arch ‘i386’
Result: ERROR
     Running 'testthat.R' [10s]
    Running the tests in 'tests/testthat.R' failed.
    Complete output:
     > library(testthat)
     > library(corpus)
     >
     > test_check("corpus")
     == Skipped tests ===============================================================
     * Not running web resource tests (1)
     * On Windows (3)
     * quanteda cannot be loaded (2)
     * tm cannot be loaded (2)
    
     == Failed tests ================================================================
     -- Failure (test-frame.R:332:5): 'print.corpus_frame' can wrap 4 columns -------
     strsplit(capture_output(print.corpus_frame(x), width = 80), "\n")[[1]] not equal to `lines`.
     Lengths differ: 6 is not 4
     -- Failure (test-text_format.R:142:5): 'format' can handle marks ---------------
     format(text, chars = 6, justify = "left") not equal to "...".
     1/1 mismatches
     x[1]: "<c2><85>"
     y[1]: "..."
     -- Failure (test-text_format.R:143:5): 'format' can handle marks ---------------
     format(text, chars = 6, justify = "centre") not equal to "...".
     1/1 mismatches
     x[1]: "<c2><85>"
     y[1]: "..."
     -- Failure (test-text_format.R:144:5): 'format' can handle marks ---------------
     format(text, chars = 5, justify = "right") not equal to "...".
     1/1 mismatches
     x[1]: "<c2><85>"
     y[1]: "..."
     -- Failure (test-text_format.R:179:5): 'format' can handle zero, or NULL chars --
     as.character(format(text, chars = 0, justify = "left")) not equal to "...".
     1/1 mismatches
     x[1]: "<c2><85>"
     y[1]: "..."
     -- Failure (test-text_format.R:181:5): 'format' can handle zero, or NULL chars --
     as.character(format(text, chars = 0, justify = "centre")) not equal to "...".
     1/1 mismatches
     x[1]: "<c2><85>"
     y[1]: "..."
     -- Failure (test-text_format.R:183:5): 'format' can handle zero, or NULL chars --
     as.character(format(text, chars = 0, justify = "right")) not equal to "...".
     1/1 mismatches
     x[1]: "<c2><85>"
     y[1]: "..."
     -- Failure (test-text_locate.R:163:5): 'text_locate' prints results correctly --
     `lines` not equal to c(...).
     Lengths differ: 6 is not 3
    
     [ FAIL 8 | WARN 0 | SKIP 8 | PASS 587 ]
     Error: Test failures
     Execution halted
Flavor: r-devel-windows-ix86+x86_64

Version: 0.10.1
Check: running tests for arch ‘x64’
Result: ERROR
     Running 'testthat.R' [10s]
    Running the tests in 'tests/testthat.R' failed.
    Complete output:
     > library(testthat)
     > library(corpus)
     >
     > test_check("corpus")
     == Skipped tests ===============================================================
     * Not running web resource tests (1)
     * On Windows (3)
     * quanteda cannot be loaded (2)
     * tm cannot be loaded (2)
    
     == Failed tests ================================================================
     -- Failure (test-frame.R:332:5): 'print.corpus_frame' can wrap 4 columns -------
     strsplit(capture_output(print.corpus_frame(x), width = 80), "\n")[[1]] not equal to `lines`.
     Lengths differ: 6 is not 4
     -- Failure (test-text_format.R:142:5): 'format' can handle marks ---------------
     format(text, chars = 6, justify = "left") not equal to "...".
     1/1 mismatches
     x[1]: "<c2><85>"
     y[1]: "..."
     -- Failure (test-text_format.R:143:5): 'format' can handle marks ---------------
     format(text, chars = 6, justify = "centre") not equal to "...".
     1/1 mismatches
     x[1]: "<c2><85>"
     y[1]: "..."
     -- Failure (test-text_format.R:144:5): 'format' can handle marks ---------------
     format(text, chars = 5, justify = "right") not equal to "...".
     1/1 mismatches
     x[1]: "<c2><85>"
     y[1]: "..."
     -- Failure (test-text_format.R:179:5): 'format' can handle zero, or NULL chars --
     as.character(format(text, chars = 0, justify = "left")) not equal to "...".
     1/1 mismatches
     x[1]: "<c2><85>"
     y[1]: "..."
     -- Failure (test-text_format.R:181:5): 'format' can handle zero, or NULL chars --
     as.character(format(text, chars = 0, justify = "centre")) not equal to "...".
     1/1 mismatches
     x[1]: "<c2><85>"
     y[1]: "..."
     -- Failure (test-text_format.R:183:5): 'format' can handle zero, or NULL chars --
     as.character(format(text, chars = 0, justify = "right")) not equal to "...".
     1/1 mismatches
     x[1]: "<c2><85>"
     y[1]: "..."
     -- Failure (test-text_locate.R:163:5): 'text_locate' prints results correctly --
     `lines` not equal to c(...).
     Lengths differ: 6 is not 3
    
     [ FAIL 8 | WARN 0 | SKIP 8 | PASS 587 ]
     Error: Test failures
     Execution halted
Flavor: r-devel-windows-ix86+x86_64

Version: 0.10.1
Check: tests
Result: ERROR
     Running 'testthat.R'
    Running the tests in 'tests/testthat.R' failed.
    Last 13 lines of output:
     1/1 mismatches
     x[1]: "<c2><85>"
     y[1]: "..."
     -- Failure (test-text_format.R:183:5): 'format' can handle zero, or NULL chars --
     as.character(format(text, chars = 0, justify = "right")) not equal to "...".
     1/1 mismatches
     x[1]: "<c2><85>"
     y[1]: "..."
     -- Failure (test-text_locate.R:163:5): 'text_locate' prints results correctly --
     `lines` not equal to c(...).
     Lengths differ: 6 is not 3
    
     [ FAIL 8 | WARN 2 | SKIP 4 | PASS 598 ]
     Error: Test failures
     Execution halted
Flavor: r-devel-windows-x86_64-gcc10-UCRT