CRAN Package Check Results for Package corporaexplorer

Last updated on 2021-05-18 17:48:05 CEST.

Flavor Version Tinstall Tcheck Ttotal Status Flags
r-devel-linux-x86_64-debian-clang 0.8.4 3.67 42.50 46.17 OK
r-devel-linux-x86_64-debian-gcc 0.8.4 2.72 31.87 34.59 OK
r-devel-linux-x86_64-fedora-clang 0.8.4 62.96 NOTE
r-devel-linux-x86_64-fedora-gcc 0.8.4 51.37 NOTE
r-devel-windows-ix86+x86_64 0.8.4 10.00 63.00 73.00 OK
r-devel-windows-x86_64-gcc10-UCRT 0.8.4 NOTE
r-patched-linux-x86_64 0.8.4 3.91 39.39 43.30 OK
r-patched-solaris-x86 0.8.4 86.40 NOTE
r-release-linux-x86_64 0.8.4 2.56 39.09 41.65 OK
r-release-macos-x86_64 0.8.4 NOTE
r-release-windows-ix86+x86_64 0.8.4 7.00 46.00 53.00 OK
r-oldrel-macos-x86_64 0.8.4 NOTE
r-oldrel-windows-ix86+x86_64 0.8.4 5.00 63.00 68.00 OK

Check Details

Version: 0.8.4
Check: dependencies in R code
Result: NOTE
    Namespaces in Imports field not imported from:
     ‘RColorBrewer’ ‘ggplot2’ ‘rmarkdown’ ‘shinyWidgets’ ‘shinydashboard’
     ‘shinyjs’
     All declared Imports should be used.
Flavors: r-devel-linux-x86_64-fedora-clang, r-devel-linux-x86_64-fedora-gcc, r-devel-windows-x86_64-gcc10-UCRT, r-patched-solaris-x86, r-release-macos-x86_64, r-oldrel-macos-x86_64