Last updated on 2021-04-19 11:50:11 CEST.
Flavor | Version | Tinstall | Tcheck | Ttotal | Status | Flags |
---|---|---|---|---|---|---|
r-devel-linux-x86_64-debian-clang | 1.0-1 | 55.49 | 873.32 | 928.81 | OK | |
r-devel-linux-x86_64-debian-gcc | 1.0-1 | 39.18 | 630.49 | 669.67 | OK | |
r-devel-linux-x86_64-fedora-clang | 1.0-1 | 1079.37 | NOTE | |||
r-devel-linux-x86_64-fedora-gcc | 1.0-1 | 874.42 | OK | |||
r-devel-windows-ix86+x86_64 | 1.0-1 | 105.00 | 721.00 | 826.00 | NOTE | --no-vignettes |
r-devel-windows-x86_64-gcc10-UCRT | 1.0-1 | OK | ||||
r-patched-linux-x86_64 | 1.0-1 | 45.61 | 819.97 | 865.58 | OK | |
r-patched-solaris-x86 | 1.0-1 | 1491.50 | NOTE | |||
r-release-linux-x86_64 | 1.0-1 | 44.99 | 823.34 | 868.33 | OK | |
r-release-macos-x86_64 | 1.0-1 | NOTE | ||||
r-release-windows-ix86+x86_64 | 1.0-1 | 106.00 | 992.00 | 1098.00 | NOTE | --no-vignettes |
r-oldrel-macos-x86_64 | 1.0-1 | NOTE | ||||
r-oldrel-windows-ix86+x86_64 | 1.0-1 | 70.00 | 878.00 | 948.00 | NOTE | --no-vignettes |
Version: 1.0-1
Check: installed package size
Result: NOTE
installed size is 10.0Mb
sub-directories of 1Mb or more:
R 2.1Mb
doc 5.6Mb
Flavors: r-devel-linux-x86_64-fedora-clang, r-patched-solaris-x86, r-release-macos-x86_64, r-oldrel-macos-x86_64
Version: 1.0-1
Flags: --no-vignettes
Check: installed package size
Result: NOTE
installed size is 9.7Mb
sub-directories of 1Mb or more:
R 2.1Mb
doc 5.6Mb
Flavors: r-devel-windows-ix86+x86_64, r-release-windows-ix86+x86_64, r-oldrel-windows-ix86+x86_64