CRAN Package Check Results for Package configr

Last updated on 2021-05-16 17:46:45 CEST.

Flavor Version Tinstall Tcheck Ttotal Status Flags
r-devel-linux-x86_64-debian-clang 0.3.5 3.98 46.09 50.07 NOTE
r-devel-linux-x86_64-debian-gcc 0.3.5 2.80 36.18 38.98 NOTE
r-devel-linux-x86_64-fedora-clang 0.3.5 67.62 NOTE
r-devel-linux-x86_64-fedora-gcc 0.3.5 57.93 NOTE
r-devel-windows-ix86+x86_64 0.3.5 10.00 76.00 86.00 NOTE
r-devel-windows-x86_64-gcc10-UCRT 0.3.5 NOTE
r-patched-linux-x86_64 0.3.5 3.98 44.88 48.86 NOTE
r-patched-solaris-x86 0.3.5 85.80 NOTE
r-release-linux-x86_64 0.3.5 3.92 44.07 47.99 OK
r-release-macos-x86_64 0.3.5 OK
r-release-windows-ix86+x86_64 0.3.5 7.00 74.00 81.00 OK
r-oldrel-macos-x86_64 0.3.5 OK
r-oldrel-windows-ix86+x86_64 0.3.5 5.00 82.00 87.00 OK

Check Details

Version: 0.3.5
Check: LazyData
Result: NOTE
     'LazyData' is specified without a 'data' directory
Flavors: r-devel-linux-x86_64-debian-clang, r-devel-linux-x86_64-debian-gcc, r-devel-linux-x86_64-fedora-clang, r-devel-linux-x86_64-fedora-gcc, r-devel-windows-ix86+x86_64, r-devel-windows-x86_64-gcc10-UCRT, r-patched-linux-x86_64, r-patched-solaris-x86