CRAN Package Check Results for Package concordance

Last updated on 2021-04-23 00:48:43 CEST.

Flavor Version Tinstall Tcheck Ttotal Status Flags
r-devel-linux-x86_64-debian-clang 2.0.0 11.68 65.88 77.56 OK
r-devel-linux-x86_64-debian-gcc 2.0.0 8.58 49.74 58.32 OK
r-devel-linux-x86_64-fedora-clang 2.0.0 101.69 NOTE
r-devel-linux-x86_64-fedora-gcc 2.0.0 92.82 NOTE
r-devel-windows-ix86+x86_64 2.0.0 24.00 84.00 108.00 OK
r-devel-windows-x86_64-gcc10-UCRT 2.0.0 NOTE
r-patched-linux-x86_64 2.0.0 12.38 61.88 74.26 OK
r-patched-solaris-x86 2.0.0 132.50 NOTE
r-release-linux-x86_64 2.0.0 11.42 61.22 72.64 OK
r-release-macos-x86_64 2.0.0 NOTE
r-release-windows-ix86+x86_64 2.0.0 23.00 85.00 108.00 OK
r-oldrel-macos-x86_64 2.0.0 NOTE
r-oldrel-windows-ix86+x86_64 2.0.0 26.00 85.00 111.00 OK

Check Details

Version: 2.0.0
Check: data for non-ASCII characters
Result: NOTE
     Note: found 92 marked UTF-8 strings
Flavors: r-devel-linux-x86_64-fedora-clang, r-devel-linux-x86_64-fedora-gcc, r-devel-windows-x86_64-gcc10-UCRT, r-patched-solaris-x86, r-release-macos-x86_64, r-oldrel-macos-x86_64