CRAN Package Check Results for Package compareGroups

Last updated on 2021-05-10 17:46:53 CEST.

Flavor Version Tinstall Tcheck Ttotal Status Flags
r-devel-linux-x86_64-debian-clang 4.5.1 23.30 209.39 232.69 OK
r-devel-linux-x86_64-debian-gcc 4.5.1 18.82 151.84 170.66 OK
r-devel-linux-x86_64-fedora-clang 4.5.1 279.28 OK
r-devel-linux-x86_64-fedora-gcc 4.5.1 270.64 OK
r-devel-windows-ix86+x86_64 4.5.1 51.00 258.00 309.00 OK
r-devel-windows-x86_64-gcc10-UCRT 4.5.1 OK
r-patched-linux-x86_64 4.5.1 22.33 198.53 220.86 OK
r-patched-solaris-x86 4.5.1 373.80 NOTE
r-release-linux-x86_64 4.5.1 23.00 191.71 214.71 OK
r-release-macos-x86_64 4.5.1 OK
r-release-windows-ix86+x86_64 4.5.1 35.00 194.00 229.00 OK
r-oldrel-macos-x86_64 4.5.1 NOTE
r-oldrel-windows-ix86+x86_64 4.5.1 41.00 238.00 279.00 OK

Check Details

Version: 4.5.1
Check: installed package size
Result: NOTE
     installed size is 5.3Mb
     sub-directories of 1Mb or more:
     doc 1.6Mb
     help 1.4Mb
Flavor: r-patched-solaris-x86

Version: 4.5.1
Check: dependencies in R code
Result: NOTE
    No protocol specified
    No protocol specified
Flavor: r-oldrel-macos-x86_64