CRAN Package Check Results for Package commonsMath

Last updated on 2020-09-27 17:49:19 CEST.

Flavor Version Tinstall Tcheck Ttotal Status Flags
r-devel-linux-x86_64-debian-clang 1.2.5 2.15 99.79 101.94 OK
r-devel-linux-x86_64-debian-gcc 1.2.5 1.72 77.41 79.13 OK
r-devel-linux-x86_64-fedora-clang 1.2.5 113.72 OK
r-devel-linux-x86_64-fedora-gcc 1.2.5 128.55 OK
r-devel-windows-ix86+x86_64 1.2.5 7.00 165.00 172.00 OK
r-patched-linux-x86_64 1.2.5 2.16 97.77 99.93 OK
r-patched-solaris-x86 1.2.5 48.30 NOTE
r-release-linux-x86_64 1.2.5 2.10 101.48 103.58 OK
r-release-macos-x86_64 1.2.5 OK
r-release-windows-ix86+x86_64 1.2.5 7.00 166.00 173.00 OK
r-oldrel-macos-x86_64 1.2.5 OK
r-oldrel-windows-ix86+x86_64 1.2.5 5.00 166.00 171.00 OK

Check Details

Version: 1.2.5
Check: package dependencies
Result: NOTE
    Package suggested but not available for checking: ‘rscala’
Flavor: r-patched-solaris-x86