CRAN Package Check Results for Package codebreaker

Last updated on 2021-04-20 05:47:28 CEST.

Flavor Version Tinstall Tcheck Ttotal Status Flags
r-devel-linux-x86_64-debian-clang 0.0.2 2.85 26.37 29.22 NOTE
r-devel-linux-x86_64-debian-gcc 0.0.2 2.22 20.68 22.90 NOTE
r-devel-linux-x86_64-fedora-clang 0.0.2 45.68 NOTE
r-devel-linux-x86_64-fedora-gcc 0.0.2 34.98 NOTE
r-devel-windows-ix86+x86_64 0.0.2 8.00 32.00 40.00 NOTE
r-devel-windows-x86_64-gcc10-UCRT 0.0.2 NOTE
r-patched-linux-x86_64 0.0.2 2.98 25.40 28.38 OK
r-patched-solaris-x86 0.0.2 54.30 OK
r-release-linux-x86_64 0.0.2 2.59 25.45 28.04 OK
r-release-macos-x86_64 0.0.2 OK
r-release-windows-ix86+x86_64 0.0.2 6.00 48.00 54.00 OK
r-oldrel-macos-x86_64 0.0.2 OK
r-oldrel-windows-ix86+x86_64 0.0.2 4.00 39.00 43.00 OK

Check Details

Version: 0.0.2
Check: LazyData
Result: NOTE
     'LazyData' is specified without a 'data' directory
Flavors: r-devel-linux-x86_64-debian-clang, r-devel-linux-x86_64-debian-gcc, r-devel-linux-x86_64-fedora-clang, r-devel-linux-x86_64-fedora-gcc, r-devel-windows-ix86+x86_64, r-devel-windows-x86_64-gcc10-UCRT