CRAN Package Check Results for Package cmsafvis

Last updated on 2021-04-19 05:46:54 CEST.

Flavor Version Tinstall Tcheck Ttotal Status Flags
r-devel-linux-x86_64-debian-clang 1.1.1 13.89 80.68 94.57 NOTE
r-devel-linux-x86_64-debian-gcc 1.1.1 8.84 59.21 68.05 NOTE
r-devel-linux-x86_64-fedora-clang 1.1.1 120.75 NOTE
r-devel-linux-x86_64-fedora-gcc 1.1.1 113.42 NOTE
r-devel-windows-ix86+x86_64 1.1.1 19.00 68.00 87.00 NOTE
r-devel-windows-x86_64-gcc10-UCRT 1.1.1 NOTE
r-patched-linux-x86_64 1.1.1 11.49 72.65 84.14 OK
r-patched-solaris-x86 1.1.1 128.80 NOTE
r-release-linux-x86_64 1.1.1 12.76 73.08 85.84 OK
r-release-macos-x86_64 1.1.1 NOTE
r-release-windows-ix86+x86_64 1.1.1 22.00 91.00 113.00 OK
r-oldrel-macos-x86_64 1.1.1 NOTE
r-oldrel-windows-ix86+x86_64 1.1.1 14.00 72.00 86.00 OK

Check Details

Version: 1.1.1
Check: LazyData
Result: NOTE
     'LazyData' is specified without a 'data' directory
Flavors: r-devel-linux-x86_64-debian-clang, r-devel-linux-x86_64-debian-gcc, r-devel-linux-x86_64-fedora-clang, r-devel-linux-x86_64-fedora-gcc, r-devel-windows-ix86+x86_64, r-devel-windows-x86_64-gcc10-UCRT

Version: 1.1.1
Check: package dependencies
Result: NOTE
    Imports includes 21 non-default packages.
    Importing from so many packages makes the package vulnerable to any of
    them becoming unavailable. Move as many as possible to Suggests and
    use conditionally.
Flavor: r-devel-linux-x86_64-fedora-clang

Version: 1.1.1
Check: dependencies in R code
Result: NOTE
    Namespaces in Imports field not imported from:
     ‘maptools’ ‘rgdal’ ‘rworldxtra’
     All declared Imports should be used.
Flavors: r-devel-linux-x86_64-fedora-clang, r-devel-linux-x86_64-fedora-gcc, r-devel-windows-x86_64-gcc10-UCRT, r-patched-solaris-x86, r-release-macos-x86_64, r-oldrel-macos-x86_64

Version: 1.1.1
Check: package dependencies
Result: NOTE
    Package suggested but not available for checking: ‘plotKML’
Flavor: r-patched-solaris-x86