CRAN Package Check Results for Package clinspacy

Last updated on 2024-05-26 00:56:12 CEST.

Flavor Version Tinstall Tcheck Ttotal Status Flags
r-devel-linux-x86_64-debian-clang 1.0.2 3.22 33.08 36.30 NOTE
r-devel-linux-x86_64-debian-gcc 1.0.2 2.38 24.78 27.16 NOTE
r-devel-linux-x86_64-fedora-clang 1.0.2 47.06 NOTE
r-devel-linux-x86_64-fedora-gcc 1.0.2 43.69 NOTE
r-devel-windows-x86_64 1.0.2 4.00 46.00 50.00 NOTE
r-patched-linux-x86_64 1.0.2 3.43 31.51 34.94 NOTE
r-release-linux-x86_64 1.0.2 2.96 31.92 34.88 NOTE
r-release-macos-arm64 1.0.2 19.00 NOTE
r-release-windows-x86_64 1.0.2 4.00 46.00 50.00 NOTE
r-oldrel-macos-arm64 1.0.2 19.00 NOTE
r-oldrel-macos-x86_64 1.0.2 25.00 NOTE
r-oldrel-windows-x86_64 1.0.2 4.00 53.00 57.00 NOTE

Check Details

Version: 1.0.2
Check: LazyData
Result: NOTE 'LazyData' is specified without a 'data' directory Flavors: r-devel-linux-x86_64-debian-clang, r-devel-linux-x86_64-debian-gcc, r-devel-linux-x86_64-fedora-clang, r-devel-linux-x86_64-fedora-gcc, r-devel-windows-x86_64, r-patched-linux-x86_64, r-release-linux-x86_64, r-release-macos-arm64, r-release-windows-x86_64, r-oldrel-macos-arm64, r-oldrel-macos-x86_64, r-oldrel-windows-x86_64