CRAN Package Check Results for Package cleanrmd

Last updated on 2024-05-20 17:57:25 CEST.

Flavor Version Tinstall Tcheck Ttotal Status Flags
r-devel-linux-x86_64-debian-clang 0.1.1 3.44 25.78 29.22 OK
r-devel-linux-x86_64-debian-gcc 0.1.1 2.32 20.03 22.35 OK
r-devel-linux-x86_64-fedora-clang 0.1.1 37.23 NOTE
r-devel-linux-x86_64-fedora-gcc 0.1.1 34.13 OK
r-devel-windows-x86_64 0.1.1 4.00 41.00 45.00 OK
r-patched-linux-x86_64 0.1.1 3.78 24.16 27.94 OK
r-release-linux-x86_64 0.1.1 2.61 24.56 27.17 OK
r-release-macos-arm64 0.1.1 16.00 OK
r-release-windows-x86_64 0.1.1 5.00 43.00 48.00 OK
r-oldrel-macos-arm64 0.1.1 17.00 OK
r-oldrel-macos-x86_64 0.1.1 29.00 OK
r-oldrel-windows-x86_64 0.1.1 4.00 44.00 48.00 OK

Check Details

Version: 0.1.1
Check: Rd cross-references
Result: NOTE Undeclared packages ‘bslib’, ‘shiny’ in Rd xrefs Flavor: r-devel-linux-x86_64-fedora-clang