CRAN Package Check Results for Package classifierplots

Last updated on 2021-05-08 11:50:20 CEST.

Flavor Version Tinstall Tcheck Ttotal Status Flags
r-devel-linux-x86_64-debian-clang 1.4.0 13.79 115.88 129.67 OK
r-devel-linux-x86_64-debian-gcc 1.4.0 11.25 86.96 98.21 OK
r-devel-linux-x86_64-fedora-clang 1.4.0 165.42 NOTE
r-devel-linux-x86_64-fedora-gcc 1.4.0 156.51 NOTE
r-devel-windows-ix86+x86_64 1.4.0 35.00 138.00 173.00 OK
r-devel-windows-x86_64-gcc10-UCRT 1.4.0 NOTE
r-patched-linux-x86_64 1.4.0 13.78 110.48 124.26 OK
r-patched-solaris-x86 1.4.0 226.70 NOTE
r-release-linux-x86_64 1.4.0 13.73 108.13 121.86 OK
r-release-macos-x86_64 1.4.0 NOTE
r-release-windows-ix86+x86_64 1.4.0 28.00 100.00 128.00 OK
r-oldrel-macos-x86_64 1.4.0 NOTE
r-oldrel-windows-ix86+x86_64 1.4.0 27.00 124.00 151.00 OK

Check Details

Version: 1.4.0
Check: dependencies in R code
Result: NOTE
    Namespace in Imports field not imported from: ‘Rcpp’
     All declared Imports should be used.
Flavors: r-devel-linux-x86_64-fedora-clang, r-devel-linux-x86_64-fedora-gcc, r-devel-windows-x86_64-gcc10-UCRT, r-patched-solaris-x86, r-release-macos-x86_64, r-oldrel-macos-x86_64