CRAN Package Check Results for Package clarabel

Last updated on 2024-04-21 00:57:22 CEST.

Flavor Version Tinstall Tcheck Ttotal Status Flags
r-devel-linux-x86_64-debian-clang 0.5.1 234.91 33.43 268.34 OK
r-devel-linux-x86_64-debian-gcc 0.5.1 170.63 25.45 196.08 OK
r-devel-linux-x86_64-fedora-clang 0.5.1 366.68 NOTE
r-devel-linux-x86_64-fedora-gcc 0.5.1 377.74 NOTE
r-prerel-macos-arm64 0.5.1 53.00 NOTE
r-prerel-windows-x86_64 0.5.1 139.00 69.00 208.00 OK
r-patched-linux-x86_64 0.5.1 234.55 32.68 267.23 OK
r-release-linux-x86_64 0.5.1 235.36 31.02 266.38 OK
r-release-macos-arm64 0.5.1 73.00 NOTE
r-release-macos-x86_64 0.5.1 124.00 NOTE
r-release-windows-x86_64 0.5.1 150.00 82.00 232.00 OK
r-oldrel-macos-arm64 0.5.1 61.00 NOTE
r-oldrel-windows-x86_64 0.5.1 186.00 78.00 264.00 WARN

Check Details

Version: 0.5.1
Check: installed package size
Result: NOTE installed size is 6.1Mb sub-directories of 1Mb or more: libs 5.8Mb Flavors: r-devel-linux-x86_64-fedora-clang, r-prerel-macos-arm64, r-release-macos-arm64, r-release-macos-x86_64, r-oldrel-macos-arm64

Version: 0.5.1
Check: for GNU extensions in Makefiles
Result: NOTE GNU make is a SystemRequirements. Flavors: r-devel-linux-x86_64-fedora-clang, r-devel-linux-x86_64-fedora-gcc, r-prerel-macos-arm64, r-release-macos-arm64, r-release-macos-x86_64, r-oldrel-macos-arm64

Version: 0.5.1
Check: whether package can be installed
Result: WARN Found the following significant warnings: Warning: corrupt .drectve at end of def file Flavor: r-oldrel-windows-x86_64