CRAN Package Check Results for Package chromseq

Last updated on 2024-04-25 06:02:01 CEST.

Flavor Version Tinstall Tcheck Ttotal Status Flags
r-devel-linux-x86_64-debian-clang 0.1.3 2.08 22.61 24.69 OK
r-devel-linux-x86_64-debian-gcc 0.1.3 1.73 17.50 19.23 OK
r-devel-linux-x86_64-fedora-clang 0.1.3 33.09 NOTE
r-devel-linux-x86_64-fedora-gcc 0.1.3 32.80 NOTE
r-devel-windows-x86_64 0.1.3 4.00 40.00 44.00 OK
r-patched-linux-x86_64 0.1.3 2.46 22.00 24.46 OK
r-release-linux-x86_64 0.1.3 2.29 22.13 24.42 OK
r-release-macos-arm64 0.1.3 13.00 OK
r-release-windows-x86_64 0.1.3 3.00 39.00 42.00 OK
r-oldrel-macos-arm64 0.1.3 13.00 OK
r-oldrel-macos-x86_64 0.1.3 19.00 OK
r-oldrel-windows-x86_64 0.1.3 3.00 39.00 42.00 OK

Check Details

Version: 0.1.3
Check: dependencies in R code
Result: NOTE Namespace in Imports field not imported from: ‘base’ All declared Imports should be used. Flavors: r-devel-linux-x86_64-fedora-clang, r-devel-linux-x86_64-fedora-gcc