CRAN Package Check Results for Package choiceDes

Last updated on 2018-01-17 09:53:19 CET.

Flavor Version Tinstall Tcheck Ttotal Status Flags
r-devel-linux-x86_64-debian-clang 0.9-1 0.84 27.37 28.21 NOTE
r-devel-linux-x86_64-debian-gcc 0.9-1 0.69 20.66 21.35 NOTE
r-devel-linux-x86_64-fedora-clang 0.9-1 31.35 NOTE
r-devel-linux-x86_64-fedora-gcc 0.9-1 30.98 NOTE
r-devel-windows-ix86+x86_64 0.9-1 3.00 36.00 39.00 NOTE
r-patched-linux-x86_64 0.9-1 0.68 25.07 25.75 NOTE
r-patched-solaris-x86 0.9-1 43.40 NOTE
r-release-linux-x86_64 0.9-1 0.80 25.20 26.00 NOTE
r-release-windows-ix86+x86_64 0.9-1 3.00 34.00 37.00 NOTE
r-release-osx-x86_64 0.9-1 NOTE
r-oldrel-windows-ix86+x86_64 0.9-1 2.00 33.00 35.00 NOTE
r-oldrel-osx-x86_64 0.9-1 NOTE

Check Details

Version: 0.9-1
Check: DESCRIPTION meta-information
Result: NOTE
    Malformed Description field: should contain one or more complete sentences.
Flavors: r-devel-linux-x86_64-debian-clang, r-devel-linux-x86_64-debian-gcc, r-devel-linux-x86_64-fedora-clang, r-devel-linux-x86_64-fedora-gcc, r-devel-windows-ix86+x86_64, r-patched-linux-x86_64, r-patched-solaris-x86, r-release-linux-x86_64, r-release-windows-ix86+x86_64, r-release-osx-x86_64, r-oldrel-windows-ix86+x86_64, r-oldrel-osx-x86_64

Version: 0.9-1
Check: R code for possible problems
Result: NOTE
    cp.scree: no visible global function definition for ‘plot’
    dcm.design: no visible global function definition for ‘flush.console’
    dcm.design: no visible global function definition for ‘model.matrix’
    dcm.design.cand: no visible global function definition for
     ‘flush.console’
    dcm.design.cand: no visible global function definition for
     ‘model.matrix’
    dcm.design.sort: no visible global function definition for ‘runif’
    get.file: no visible global function definition for ‘read.table’
    pw.eval: no visible global function definition for ‘sd’
    tradeoff.des: no visible global function definition for ‘flush.console’
    tradeoff.des: no visible global function definition for ‘sd’
    write.tab: no visible global function definition for ‘write.table’
    Undefined global functions or variables:
     flush.console model.matrix plot read.table runif sd write.table
    Consider adding
     importFrom("graphics", "plot")
     importFrom("stats", "model.matrix", "runif", "sd")
     importFrom("utils", "flush.console", "read.table", "write.table")
    to your NAMESPACE file.
Flavors: r-devel-linux-x86_64-debian-clang, r-devel-linux-x86_64-debian-gcc, r-devel-linux-x86_64-fedora-clang, r-devel-linux-x86_64-fedora-gcc, r-devel-windows-ix86+x86_64, r-patched-linux-x86_64, r-patched-solaris-x86, r-release-linux-x86_64, r-release-windows-ix86+x86_64, r-release-osx-x86_64, r-oldrel-windows-ix86+x86_64, r-oldrel-osx-x86_64