CRAN Package Check Results for Package choiceDes

Last updated on 2018-06-24 00:46:21 CEST.

Flavor Version Tinstall Tcheck Ttotal Status Flags
r-devel-linux-x86_64-debian-clang 0.9-3 1.06 24.83 25.89 OK
r-devel-linux-x86_64-debian-gcc 0.9-3 0.89 19.37 20.26 OK
r-devel-linux-x86_64-fedora-clang 0.9-3 30.26 OK
r-devel-linux-x86_64-fedora-gcc 0.9-3 27.93 OK
r-devel-windows-ix86+x86_64 0.9-3 4.00 46.00 50.00 OK
r-patched-linux-x86_64 0.9-3 1.14 23.96 25.10 OK
r-patched-solaris-x86 0.9-3 41.50 OK
r-release-linux-x86_64 0.9-3 0.94 24.02 24.96 OK
r-release-windows-ix86+x86_64 0.9-3 3.00 33.00 36.00 OK
r-release-osx-x86_64 0.9-3 OK
r-oldrel-windows-ix86+x86_64 0.9-3 4.00 44.00 48.00 OK
r-oldrel-osx-x86_64 0.9-1 NOTE

Check Details

Version: 0.9-1
Check: DESCRIPTION meta-information
Result: NOTE
    Malformed Description field: should contain one or more complete sentences.
Flavor: r-oldrel-osx-x86_64

Version: 0.9-1
Check: R code for possible problems
Result: NOTE
    cp.scree: no visible global function definition for ‘plot’
    dcm.design: no visible global function definition for ‘flush.console’
    dcm.design: no visible global function definition for ‘model.matrix’
    dcm.design.cand: no visible global function definition for
     ‘flush.console’
    dcm.design.cand: no visible global function definition for
     ‘model.matrix’
    dcm.design.sort: no visible global function definition for ‘runif’
    get.file: no visible global function definition for ‘read.table’
    pw.eval: no visible global function definition for ‘sd’
    tradeoff.des: no visible global function definition for ‘flush.console’
    tradeoff.des: no visible global function definition for ‘sd’
    write.tab: no visible global function definition for ‘write.table’
    Undefined global functions or variables:
     flush.console model.matrix plot read.table runif sd write.table
    Consider adding
     importFrom("graphics", "plot")
     importFrom("stats", "model.matrix", "runif", "sd")
     importFrom("utils", "flush.console", "read.table", "write.table")
    to your NAMESPACE file.
Flavor: r-oldrel-osx-x86_64