CRAN Package Check Results for Package chicane

Last updated on 2021-04-21 11:53:23 CEST.

Flavor Version Tinstall Tcheck Ttotal Status Flags
r-devel-linux-x86_64-debian-clang 0.1.4 11.14 566.53 577.67 NOTE
r-devel-linux-x86_64-debian-gcc 0.1.4 9.89 470.01 479.90 NOTE
r-devel-linux-x86_64-fedora-clang 0.1.4 734.82 NOTE
r-devel-linux-x86_64-fedora-gcc 0.1.4 662.41 NOTE
r-devel-windows-ix86+x86_64 0.1.4 17.00 502.00 519.00 WARN
r-devel-windows-x86_64-gcc10-UCRT 0.1.4 NOTE
r-patched-linux-x86_64 0.1.4 13.86 524.86 538.72 NOTE
r-patched-solaris-x86 0.1.4 868.00 NOTE
r-release-linux-x86_64 0.1.4 13.09 526.35 539.44 NOTE
r-release-macos-x86_64 0.1.4 NOTE
r-release-windows-ix86+x86_64 0.1.4 25.00 609.00 634.00 NOTE
r-oldrel-macos-x86_64 0.1.4 NOTE
r-oldrel-windows-ix86+x86_64 0.1.4 22.00 670.00 692.00 NOTE

Check Details

Version: 0.1.4
Check: package dependencies
Result: NOTE
    Package suggested but not available for checking: 'countreg'
Flavors: r-devel-linux-x86_64-debian-clang, r-devel-linux-x86_64-debian-gcc, r-devel-linux-x86_64-fedora-clang, r-devel-linux-x86_64-fedora-gcc, r-devel-windows-ix86+x86_64, r-devel-windows-x86_64-gcc10-UCRT, r-patched-linux-x86_64, r-patched-solaris-x86, r-release-linux-x86_64, r-release-windows-ix86+x86_64, r-oldrel-windows-ix86+x86_64

Version: 0.1.4
Check: dependencies in R code
Result: NOTE
    Namespaces in Imports field not imported from:
     'knitr' 'rmarkdown'
     All declared Imports should be used.
Flavors: r-devel-linux-x86_64-fedora-clang, r-devel-linux-x86_64-fedora-gcc, r-devel-windows-x86_64-gcc10-UCRT, r-patched-solaris-x86, r-release-macos-x86_64, r-oldrel-macos-x86_64

Version: 0.1.4
Check: re-building of vignette outputs
Result: WARN
    Error(s) in re-building vignettes:
    --- re-building 'Getting_Started.Rmd' using rmarkdown
    --- finished re-building 'Getting_Started.Rmd'
    
    --- re-building 'Visualising_Interactions.Rmd' using rmarkdown
    Loading required package: InteractionSet
    Loading required package: GenomicRanges
    Loading required package: stats4
    Loading required package: BiocGenerics
    
    Attaching package: 'BiocGenerics'
    
    The following objects are masked from 'package:parallel':
    
     clusterApply, clusterApplyLB, clusterCall, clusterEvalQ,
     clusterExport, clusterMap, parApply, parCapply, parLapply,
     parLapplyLB, parRapply, parSapply, parSapplyLB
    
    The following objects are masked from 'package:stats':
    
     IQR, mad, sd, var, xtabs
    
    The following objects are masked from 'package:base':
    
     Filter, Find, Map, Position, Reduce, anyDuplicated, append,
     as.data.frame, basename, cbind, colnames, dirname, do.call,
     duplicated, eval, evalq, get, grep, grepl, intersect, is.unsorted,
     lapply, mapply, match, mget, order, paste, pmax, pmax.int, pmin,
     pmin.int, rank, rbind, rownames, sapply, setdiff, sort, table,
     tapply, union, unique, unsplit, which.max, which.min
    
    Loading required package: S4Vectors
    
    Attaching package: 'S4Vectors'
    
    The following objects are masked from 'package:data.table':
    
     first, second
    
    The following objects are masked from 'package:base':
    
     I, expand.grid, unname
    
    Loading required package: IRanges
    
    Attaching package: 'IRanges'
    
    The following object is masked from 'package:data.table':
    
     shift
    
    The following object is masked from 'package:nlme':
    
     collapse
    
    The following object is masked from 'package:grDevices':
    
     windows
    
    Loading required package: GenomeInfoDb
    Loading required package: SummarizedExperiment
    Loading required package: MatrixGenerics
    Loading required package: matrixStats
    
    Attaching package: 'MatrixGenerics'
    
    The following objects are masked from 'package:matrixStats':
    
     colAlls, colAnyNAs, colAnys, colAvgsPerRowSet, colCollapse,
     colCounts, colCummaxs, colCummins, colCumprods, colCumsums,
     colDiffs, colIQRDiffs, colIQRs, colLogSumExps, colMadDiffs,
     colMads, colMaxs, colMeans2, colMedians, colMins, colOrderStats,
     colProds, colQuantiles, colRanges, colRanks, colSdDiffs, colSds,
     colSums2, colTabulates, colVarDiffs, colVars, colWeightedMads,
     colWeightedMeans, colWeightedMedians, colWeightedSds,
     colWeightedVars, rowAlls, rowAnyNAs, rowAnys, rowAvgsPerColSet,
     rowCollapse, rowCounts, rowCummaxs, rowCummins, rowCumprods,
     rowCumsums, rowDiffs, rowIQRDiffs, rowIQRs, rowLogSumExps,
     rowMadDiffs, rowMads, rowMaxs, rowMeans2, rowMedians, rowMins,
     rowOrderStats, rowProds, rowQuantiles, rowRanges, rowRanks,
     rowSdDiffs, rowSds, rowSums2, rowTabulates, rowVarDiffs, rowVars,
     rowWeightedMads, rowWeightedMeans, rowWeightedMedians,
     rowWeightedSds, rowWeightedVars
    
    Loading required package: Biobase
    Welcome to Bioconductor
    
     Vignettes contain introductory material; view with
     'browseVignettes()'. To cite Bioconductor, see
     'citation("Biobase")', and for packages 'citation("pkgname")'.
    
    
    Attaching package: 'Biobase'
    
    The following object is masked from 'package:MatrixGenerics':
    
     rowMedians
    
    The following objects are masked from 'package:matrixStats':
    
     anyMissing, rowMedians
    
    Quitting from lines 41-111 (Visualising_Interactions.Rmd)
    Error: processing vignette 'Visualising_Interactions.Rmd' failed with diagnostics:
    package or namespace load failed for 'GenomicInteractions' in loadNamespace(j <- i[[1L]], c(lib.loc, .libPaths()), versionCheck = vI[[j]]):
     namespace 'rtracklayer' 1.48.0 is already loaded, but >= 1.51.5 is required
    --- failed re-building 'Visualising_Interactions.Rmd'
    
    SUMMARY: processing the following file failed:
     'Visualising_Interactions.Rmd'
    
    Error: Vignette re-building failed.
    Execution halted
Flavor: r-devel-windows-ix86+x86_64

Version: 0.1.4
Check: package dependencies
Result: NOTE
    Packages suggested but not available for checking:
     'GenomicInteractions', 'countreg'
Flavor: r-release-macos-x86_64

Version: 0.1.4
Check: package dependencies
Result: NOTE
    Packages suggested but not available for checking:
     'GenomicInteractions', 'Gviz', 'countreg'
Flavor: r-oldrel-macos-x86_64