CRAN Package Check Results for Package cheatR

Last updated on 2021-04-21 11:53:23 CEST.

Flavor Version Tinstall Tcheck Ttotal Status Flags
r-devel-linux-x86_64-debian-clang 1.2.1 3.77 43.15 46.92 NOTE
r-devel-linux-x86_64-debian-gcc 1.2.1 2.81 32.99 35.80 NOTE
r-devel-linux-x86_64-fedora-clang 1.2.1 65.43 NOTE
r-devel-linux-x86_64-fedora-gcc 1.2.1 55.56 NOTE
r-devel-windows-ix86+x86_64 1.2.1 12.00 48.00 60.00 NOTE
r-devel-windows-x86_64-gcc10-UCRT 1.2.1 NOTE
r-patched-linux-x86_64 1.2.1 9.69 41.14 50.83 OK
r-patched-solaris-x86 1.2.1 87.10 OK
r-release-linux-x86_64 1.2.1 3.82 41.44 45.26 OK
r-release-macos-x86_64 1.2.1 OK
r-release-windows-ix86+x86_64 1.2.1 8.00 65.00 73.00 OK
r-oldrel-macos-x86_64 1.2.1 OK
r-oldrel-windows-ix86+x86_64 1.2.1 7.00 58.00 65.00 OK

Check Details

Version: 1.2.1
Check: LazyData
Result: NOTE
     'LazyData' is specified without a 'data' directory
Flavors: r-devel-linux-x86_64-debian-clang, r-devel-linux-x86_64-debian-gcc, r-devel-linux-x86_64-fedora-clang, r-devel-linux-x86_64-fedora-gcc, r-devel-windows-ix86+x86_64, r-devel-windows-x86_64-gcc10-UCRT